CRAN Package Check Results for Package cmprsk

Last updated on 2021-07-01 01:49:08 CEST.

Flavor Version Tinstall Tcheck Ttotal Status Flags
r-devel-linux-x86_64-debian-clang 2.2-10 9.24 64.72 73.96 OK
r-devel-linux-x86_64-debian-gcc 2.2-10 7.69 50.10 57.79 OK
r-devel-linux-x86_64-fedora-clang 2.2-10 96.61 NOTE
r-devel-linux-x86_64-fedora-gcc 2.2-10 87.13 NOTE
r-devel-windows-x86_64 2.2-10 11.00 84.00 95.00 OK
r-devel-windows-x86_64-gcc10-UCRT 2.2-10 OK
r-patched-linux-x86_64 2.2-10 9.69 62.32 72.01 OK
r-patched-solaris-x86 2.2-10 130.90 OK
r-release-linux-x86_64 2.2-10 9.62 62.79 72.41 OK
r-release-macos-arm64 2.2-10 OK
r-release-macos-x86_64 2.2-10 OK
r-release-windows-ix86+x86_64 2.2-10 24.00 107.00 131.00 OK
r-oldrel-macos-x86_64 2.2-10 OK
r-oldrel-windows-ix86+x86_64 2.2-10 24.00 109.00 133.00 OK

Check Details

Version: 2.2-10
Check: compiled code
Result: NOTE
    File ‘cmprsk/libs/cmprsk.so’:
     Found no calls to: ‘R_registerRoutines’, ‘R_useDynamicSymbols’
    
    It is good practice to register native routines and to disable symbol
    search.
    
    See ‘Writing portable packages’ in the ‘Writing R Extensions’ manual.
Flavors: r-devel-linux-x86_64-fedora-clang, r-devel-linux-x86_64-fedora-gcc