CRAN Package Check Results for Package cocor

Last updated on 2021-07-01 01:49:08 CEST.

Flavor Version Tinstall Tcheck Ttotal Status Flags
r-devel-linux-x86_64-debian-clang 1.1-3 5.24 37.00 42.24 NOTE
r-devel-linux-x86_64-debian-gcc 1.1-3 3.37 28.62 31.99 NOTE
r-devel-linux-x86_64-fedora-clang 1.1-3 59.63 NOTE
r-devel-linux-x86_64-fedora-gcc 1.1-3 50.11 NOTE
r-devel-windows-x86_64 1.1-3 8.00 57.00 65.00 NOTE
r-devel-windows-x86_64-gcc10-UCRT 1.1-3 NOTE
r-patched-linux-x86_64 1.1-3 4.34 35.66 40.00 NOTE
r-patched-solaris-x86 1.1-3 69.50 NOTE
r-release-linux-x86_64 1.1-3 4.49 35.52 40.01 NOTE
r-release-macos-arm64 1.1-3 NOTE
r-release-macos-x86_64 1.1-3 NOTE
r-release-windows-ix86+x86_64 1.1-3 7.00 46.00 53.00 NOTE
r-oldrel-macos-x86_64 1.1-3 NOTE
r-oldrel-windows-ix86+x86_64 1.1-3 10.00 52.00 62.00 NOTE

Check Details

Version: 1.1-3
Check: package dependencies
Result: NOTE
    Package which this enhances but not available for checking: 'rkward'
Flavors: r-devel-linux-x86_64-debian-clang, r-devel-linux-x86_64-debian-gcc, r-devel-linux-x86_64-fedora-clang, r-devel-linux-x86_64-fedora-gcc, r-devel-windows-x86_64, r-devel-windows-x86_64-gcc10-UCRT, r-patched-linux-x86_64, r-patched-solaris-x86, r-release-linux-x86_64, r-release-macos-arm64, r-release-macos-x86_64, r-release-windows-ix86+x86_64, r-oldrel-macos-x86_64, r-oldrel-windows-ix86+x86_64