Last updated on 2021-07-01 01:49:08 CEST.
Flavor | Version | Tinstall | Tcheck | Ttotal | Status | Flags |
---|---|---|---|---|---|---|
r-devel-linux-x86_64-debian-clang | 1.0.2 | 6.20 | 53.85 | 60.05 | NOTE | |
r-devel-linux-x86_64-debian-gcc | 1.0.2 | 4.87 | 40.21 | 45.08 | NOTE | |
r-devel-linux-x86_64-fedora-clang | 1.0.2 | 80.91 | NOTE | |||
r-devel-linux-x86_64-fedora-gcc | 1.0.2 | 68.09 | NOTE | |||
r-devel-windows-x86_64 | 1.0.2 | 27.00 | 79.00 | 106.00 | NOTE | |
r-devel-windows-x86_64-gcc10-UCRT | 1.0.2 | NOTE | ||||
r-patched-linux-x86_64 | 1.0.2 | 4.83 | 49.40 | 54.23 | NOTE | |
r-patched-solaris-x86 | 1.0.2 | 98.90 | NOTE | |||
r-release-linux-x86_64 | 1.0.2 | 5.62 | 49.63 | 55.25 | NOTE | |
r-release-macos-arm64 | 1.0.2 | NOTE | ||||
r-release-macos-x86_64 | 1.0.2 | NOTE | ||||
r-release-windows-ix86+x86_64 | 1.0.2 | 32.00 | 71.00 | 103.00 | NOTE | |
r-oldrel-macos-x86_64 | 1.0.2 | NOTE | ||||
r-oldrel-windows-ix86+x86_64 | 1.0.2 | 15.00 | 80.00 | 95.00 | OK |
Version: 1.0.2
Check: LazyData
Result: NOTE
'LazyData' is specified without a 'data' directory
Flavors: r-devel-linux-x86_64-debian-clang, r-devel-linux-x86_64-debian-gcc, r-devel-linux-x86_64-fedora-clang, r-devel-linux-x86_64-fedora-gcc, r-devel-windows-x86_64, r-devel-windows-x86_64-gcc10-UCRT, r-patched-linux-x86_64, r-patched-solaris-x86, r-release-linux-x86_64, r-release-macos-arm64, r-release-macos-x86_64, r-release-windows-ix86+x86_64
Version: 1.0.2
Check: dependencies in R code
Result: NOTE
Namespace in Imports field not imported from: ‘yaml’
All declared Imports should be used.
Flavors: r-devel-linux-x86_64-fedora-clang, r-devel-linux-x86_64-fedora-gcc, r-devel-windows-x86_64-gcc10-UCRT, r-patched-solaris-x86, r-release-macos-arm64, r-release-macos-x86_64, r-oldrel-macos-x86_64