Last updated on 2021-07-01 01:49:08 CEST.
Flavor | Version | Tinstall | Tcheck | Ttotal | Status | Flags |
---|---|---|---|---|---|---|
r-devel-linux-x86_64-debian-clang | 0.3.2 | 5.68 | 53.90 | 59.58 | NOTE | |
r-devel-linux-x86_64-debian-gcc | 0.3.2 | 4.48 | 39.85 | 44.33 | NOTE | |
r-devel-linux-x86_64-fedora-clang | 0.3.2 | 78.63 | NOTE | |||
r-devel-linux-x86_64-fedora-gcc | 0.3.2 | 67.50 | NOTE | |||
r-devel-windows-x86_64 | 0.3.2 | 8.00 | 73.00 | 81.00 | NOTE | |
r-devel-windows-x86_64-gcc10-UCRT | 0.3.2 | NOTE | ||||
r-patched-linux-x86_64 | 0.3.2 | 5.08 | 49.52 | 54.60 | NOTE | |
r-patched-solaris-x86 | 0.3.2 | 97.80 | NOTE | |||
r-release-linux-x86_64 | 0.3.2 | 5.00 | 49.50 | 54.50 | NOTE | |
r-release-macos-arm64 | 0.3.2 | NOTE | ||||
r-release-macos-x86_64 | 0.3.2 | NOTE | ||||
r-release-windows-ix86+x86_64 | 0.3.2 | 37.00 | 70.00 | 107.00 | NOTE | |
r-oldrel-macos-x86_64 | 0.3.2 | OK | ||||
r-oldrel-windows-ix86+x86_64 | 0.3.2 | 14.00 | 60.00 | 74.00 | OK |
Version: 0.3.2
Check: LazyData
Result: NOTE
'LazyData' is specified without a 'data' directory
Flavors: r-devel-linux-x86_64-debian-clang, r-devel-linux-x86_64-debian-gcc, r-devel-linux-x86_64-fedora-clang, r-devel-linux-x86_64-fedora-gcc, r-devel-windows-x86_64, r-devel-windows-x86_64-gcc10-UCRT, r-patched-linux-x86_64, r-patched-solaris-x86, r-release-linux-x86_64, r-release-macos-arm64, r-release-macos-x86_64, r-release-windows-ix86+x86_64