Last updated on 2021-07-01 01:49:08 CEST.
Flavor | Version | Tinstall | Tcheck | Ttotal | Status | Flags |
---|---|---|---|---|---|---|
r-devel-linux-x86_64-debian-clang | 2.4 | 2.76 | 26.10 | 28.86 | NOTE | |
r-devel-linux-x86_64-debian-gcc | 2.4 | 2.31 | 20.10 | 22.41 | NOTE | |
r-devel-linux-x86_64-fedora-clang | 2.4 | 43.99 | NOTE | |||
r-devel-linux-x86_64-fedora-gcc | 2.4 | 33.44 | NOTE | |||
r-devel-windows-x86_64 | 2.4 | 4.00 | 40.00 | 44.00 | NOTE | |
r-devel-windows-x86_64-gcc10-UCRT | 2.4 | NOTE | ||||
r-patched-linux-x86_64 | 2.4 | 2.86 | 25.25 | 28.11 | NOTE | |
r-patched-solaris-x86 | 2.4 | 50.10 | NOTE | |||
r-release-linux-x86_64 | 2.4 | 2.87 | 25.34 | 28.21 | NOTE | |
r-release-macos-arm64 | 2.4 | NOTE | ||||
r-release-macos-x86_64 | 2.4 | NOTE | ||||
r-release-windows-ix86+x86_64 | 2.4 | 4.00 | 37.00 | 41.00 | NOTE | |
r-oldrel-macos-x86_64 | 2.4 | NOTE | ||||
r-oldrel-windows-ix86+x86_64 | 2.4 | 6.00 | 41.00 | 47.00 | NOTE |
Version: 2.4
Check: DESCRIPTION meta-information
Result: NOTE
Malformed Title field: should not end in a period.
Flavors: r-devel-linux-x86_64-debian-clang, r-devel-linux-x86_64-debian-gcc, r-devel-linux-x86_64-fedora-clang, r-devel-linux-x86_64-fedora-gcc, r-devel-windows-x86_64, r-devel-windows-x86_64-gcc10-UCRT, r-patched-linux-x86_64, r-patched-solaris-x86, r-release-linux-x86_64, r-release-macos-arm64, r-release-macos-x86_64, r-release-windows-ix86+x86_64, r-oldrel-macos-x86_64, r-oldrel-windows-ix86+x86_64
Version: 2.4
Check: dependencies in R code
Result: NOTE
Package in Depends field not imported from: 'grid'
These packages need to be imported from (in the NAMESPACE file)
for when this namespace is loaded but not attached.
Flavors: r-devel-linux-x86_64-debian-clang, r-devel-linux-x86_64-debian-gcc, r-devel-linux-x86_64-fedora-clang, r-devel-linux-x86_64-fedora-gcc, r-devel-windows-x86_64, r-devel-windows-x86_64-gcc10-UCRT, r-patched-linux-x86_64, r-patched-solaris-x86, r-release-linux-x86_64, r-release-macos-arm64, r-release-macos-x86_64, r-release-windows-ix86+x86_64, r-oldrel-macos-x86_64, r-oldrel-windows-ix86+x86_64
Version: 2.4
Check: R code for possible problems
Result: NOTE
plotVenn2d : twoWayOverlap: no visible global function definition for
'grid.polygon'
plotVenn2d : twoWayOverlap: no visible global function definition for
'gpar'
plotVenn2d: no visible global function definition for 'grid.text'
plotVenn2d: no visible global function definition for 'gpar'
plotVenn2d: no visible global function definition for 'grid.polygon'
plotVenn3d : twoWayOverlap: no visible global function definition for
'grid.polygon'
plotVenn3d : twoWayOverlap: no visible global function definition for
'gpar'
plotVenn3d: no visible global function definition for 'grid.text'
plotVenn3d: no visible global function definition for 'gpar'
plotVenn3d: no visible global function definition for 'grid.polygon'
plotVenn4d : getCommonEllipse: no visible global function definition
for 'aggregate'
plotVenn4d : region.polygon: no visible global function definition for
'head'
plotVenn4d : region.polygon: no visible global function definition for
'grid.polygon'
plotVenn4d : region.polygon: no visible global function definition for
'gpar'
plotVenn4d: no visible global function definition for 'grid.text'
plotVenn4d: no visible global function definition for 'gpar'
plotVenn4d: no visible global function definition for 'pushViewport'
plotVenn4d: no visible global function definition for 'viewport'
plotVenn4d: no visible global function definition for 'grid.polygon'
plotVenn4d: no visible global function definition for 'upViewport'
resizeCircles: no visible global function definition for 'uniroot'
Undefined global functions or variables:
aggregate gpar grid.polygon grid.text head pushViewport uniroot
upViewport viewport
Consider adding
importFrom("stats", "aggregate", "uniroot")
importFrom("utils", "head")
to your NAMESPACE file.
Flavors: r-devel-linux-x86_64-debian-clang, r-devel-linux-x86_64-debian-gcc, r-devel-linux-x86_64-fedora-clang, r-devel-linux-x86_64-fedora-gcc, r-devel-windows-x86_64, r-devel-windows-x86_64-gcc10-UCRT, r-patched-linux-x86_64, r-patched-solaris-x86, r-release-linux-x86_64, r-release-macos-arm64, r-release-macos-x86_64, r-release-windows-ix86+x86_64, r-oldrel-macos-x86_64, r-oldrel-windows-ix86+x86_64