CRAN Package Check Results for Package colourpicker

Last updated on 2021-07-01 01:49:08 CEST.

Flavor Version Tinstall Tcheck Ttotal Status Flags
r-devel-linux-x86_64-debian-clang 1.1.0 4.29 40.50 44.79 NOTE
r-devel-linux-x86_64-debian-gcc 1.1.0 3.63 31.27 34.90 NOTE
r-devel-linux-x86_64-fedora-clang 1.1.0 62.06 NOTE
r-devel-linux-x86_64-fedora-gcc 1.1.0 51.38 NOTE
r-devel-windows-x86_64 1.1.0 9.00 61.00 70.00 NOTE
r-devel-windows-x86_64-gcc10-UCRT 1.1.0 NOTE
r-patched-linux-x86_64 1.1.0 4.42 38.82 43.24 NOTE
r-patched-solaris-x86 1.1.0 79.20 NOTE
r-release-linux-x86_64 1.1.0 3.83 38.56 42.39 NOTE
r-release-macos-arm64 1.1.0 NOTE
r-release-macos-x86_64 1.1.0 NOTE
r-release-windows-ix86+x86_64 1.1.0 31.00 61.00 92.00 NOTE
r-oldrel-macos-x86_64 1.1.0 OK
r-oldrel-windows-ix86+x86_64 1.1.0 11.00 52.00 63.00 OK

Check Details

Version: 1.1.0
Check: LazyData
Result: NOTE
     'LazyData' is specified without a 'data' directory
Flavors: r-devel-linux-x86_64-debian-clang, r-devel-linux-x86_64-debian-gcc, r-devel-linux-x86_64-fedora-clang, r-devel-linux-x86_64-fedora-gcc, r-devel-windows-x86_64, r-devel-windows-x86_64-gcc10-UCRT, r-patched-linux-x86_64, r-patched-solaris-x86, r-release-linux-x86_64, r-release-macos-arm64, r-release-macos-x86_64, r-release-windows-ix86+x86_64