CRAN Package Check Results for Package combiter

Last updated on 2021-07-01 01:49:08 CEST.

Flavor Version Tinstall Tcheck Ttotal Status Flags
r-devel-linux-x86_64-debian-clang 1.0.3 41.68 39.69 81.37 NOTE
r-devel-linux-x86_64-debian-gcc 1.0.3 24.97 30.58 55.55 NOTE
r-devel-linux-x86_64-fedora-clang 1.0.3 119.09 NOTE
r-devel-linux-x86_64-fedora-gcc 1.0.3 98.15 NOTE
r-devel-windows-x86_64 1.0.3 39.00 70.00 109.00 NOTE
r-devel-windows-x86_64-gcc10-UCRT 1.0.3 NOTE
r-patched-linux-x86_64 1.0.3 32.76 37.94 70.70 NOTE
r-patched-solaris-x86 1.0.3 105.70 NOTE
r-release-linux-x86_64 1.0.3 31.28 38.16 69.44 NOTE
r-release-macos-arm64 1.0.3 NOTE
r-release-macos-x86_64 1.0.3 NOTE
r-release-windows-ix86+x86_64 1.0.3 71.00 89.00 160.00 NOTE
r-oldrel-macos-x86_64 1.0.3 OK
r-oldrel-windows-ix86+x86_64 1.0.3 94.00 95.00 189.00 OK

Check Details

Version: 1.0.3
Check: LazyData
Result: NOTE
     'LazyData' is specified without a 'data' directory
Flavors: r-devel-linux-x86_64-debian-clang, r-devel-linux-x86_64-debian-gcc, r-devel-linux-x86_64-fedora-clang, r-devel-linux-x86_64-fedora-gcc, r-devel-windows-x86_64, r-devel-windows-x86_64-gcc10-UCRT, r-patched-linux-x86_64, r-patched-solaris-x86, r-release-linux-x86_64, r-release-macos-arm64, r-release-macos-x86_64, r-release-windows-ix86+x86_64