CRAN Package Check Results for Package condir

Last updated on 2021-07-01 01:49:09 CEST.

Flavor Version Tinstall Tcheck Ttotal Status Flags
r-devel-linux-x86_64-debian-clang 0.1.3 2.95 38.03 40.98 NOTE
r-devel-linux-x86_64-debian-gcc 0.1.3 2.32 29.08 31.40 NOTE
r-devel-linux-x86_64-fedora-clang 0.1.3 60.96 NOTE
r-devel-linux-x86_64-fedora-gcc 0.1.3 48.60 NOTE
r-devel-windows-x86_64 0.1.3 4.00 62.00 66.00 NOTE
r-devel-windows-x86_64-gcc10-UCRT 0.1.3 NOTE
r-patched-linux-x86_64 0.1.3 2.70 36.67 39.37 NOTE
r-patched-solaris-x86 0.1.3 72.80 NOTE
r-release-linux-x86_64 0.1.3 2.94 36.45 39.39 NOTE
r-release-macos-arm64 0.1.3 NOTE
r-release-macos-x86_64 0.1.3 NOTE
r-release-windows-ix86+x86_64 0.1.3 42.00 56.00 98.00 NOTE
r-oldrel-macos-x86_64 0.1.3 OK
r-oldrel-windows-ix86+x86_64 0.1.3 7.00 50.00 57.00 OK

Check Details

Version: 0.1.3
Check: LazyData
Result: NOTE
     'LazyData' is specified without a 'data' directory
Flavors: r-devel-linux-x86_64-debian-clang, r-devel-linux-x86_64-debian-gcc, r-devel-linux-x86_64-fedora-clang, r-devel-linux-x86_64-fedora-gcc, r-devel-windows-x86_64, r-devel-windows-x86_64-gcc10-UCRT, r-patched-linux-x86_64, r-patched-solaris-x86, r-release-linux-x86_64, r-release-macos-arm64, r-release-macos-x86_64, r-release-windows-ix86+x86_64