CRAN Package Check Results for Package conjoint

Last updated on 2021-07-01 01:49:09 CEST.

Flavor Version Tinstall Tcheck Ttotal Status Flags
r-devel-linux-x86_64-debian-clang 1.41 10.53 133.02 143.55 NOTE
r-devel-linux-x86_64-debian-gcc 1.41 9.46 95.05 104.51 NOTE
r-devel-linux-x86_64-fedora-clang 1.41 178.81 NOTE
r-devel-linux-x86_64-fedora-gcc 1.41 164.59 NOTE
r-devel-windows-x86_64 1.41 11.00 160.00 171.00 OK
r-devel-windows-x86_64-gcc10-UCRT 1.41 OK
r-patched-linux-x86_64 1.41 10.07 123.11 133.18 NOTE
r-patched-solaris-x86 1.41 221.00 NOTE
r-release-linux-x86_64 1.41 9.61 124.26 133.87 NOTE
r-release-macos-arm64 1.41 OK
r-release-macos-x86_64 1.41 OK
r-release-windows-ix86+x86_64 1.41 26.00 160.00 186.00 OK
r-oldrel-macos-x86_64 1.41 OK
r-oldrel-windows-ix86+x86_64 1.41 26.00 132.00 158.00 OK

Check Details

Version: 1.41
Check: for non-standard things in the check directory
Result: NOTE
    Found the following files/directories:
     'design_names.csv' 'design_numbers.csv'
     'encoded_orthogonal_factorial_design.csv'
     'orthogonal_factorial_design.csv'
Flavors: r-devel-linux-x86_64-debian-clang, r-devel-linux-x86_64-debian-gcc, r-devel-linux-x86_64-fedora-clang, r-devel-linux-x86_64-fedora-gcc, r-patched-linux-x86_64, r-patched-solaris-x86, r-release-linux-x86_64