CRAN Package Check Results for Package corpus

Last updated on 2021-07-01 01:49:09 CEST.

Flavor Version Tinstall Tcheck Ttotal Status Flags
r-devel-linux-x86_64-debian-clang 0.10.2 26.93 59.04 85.97 OK
r-devel-linux-x86_64-debian-gcc 0.10.2 20.23 44.70 64.93 OK
r-devel-linux-x86_64-fedora-clang 0.10.2 112.22 NOTE
r-devel-linux-x86_64-fedora-gcc 0.10.2 106.46 NOTE
r-devel-windows-x86_64 0.10.2 38.00 84.00 122.00 OK
r-devel-windows-x86_64-gcc10-UCRT 0.10.2 NOTE
r-patched-linux-x86_64 0.10.2 24.81 55.93 80.74 OK
r-patched-solaris-x86 0.10.2 142.50 NOTE
r-release-linux-x86_64 0.10.2 23.90 56.20 80.10 OK
r-release-macos-arm64 0.10.2 NOTE
r-release-macos-x86_64 0.10.2 NOTE
r-release-windows-ix86+x86_64 0.10.2 75.00 103.00 178.00 OK
r-oldrel-macos-x86_64 0.10.2 NOTE
r-oldrel-windows-ix86+x86_64 0.10.2 92.00 104.00 196.00 OK

Check Details

Version: 0.10.2
Check: data for non-ASCII characters
Result: NOTE
     Note: found 578 marked UTF-8 strings
Flavors: r-devel-linux-x86_64-fedora-clang, r-devel-linux-x86_64-fedora-gcc, r-devel-windows-x86_64-gcc10-UCRT, r-patched-solaris-x86, r-release-macos-arm64, r-release-macos-x86_64, r-oldrel-macos-x86_64