Last updated on 2021-07-01 01:49:09 CEST.
Flavor | Version | Tinstall | Tcheck | Ttotal | Status | Flags |
---|---|---|---|---|---|---|
r-devel-linux-x86_64-debian-clang | 1.1.4 | 18.05 | 93.47 | 111.52 | OK | |
r-devel-linux-x86_64-debian-gcc | 1.1.4 | 12.70 | 72.62 | 85.32 | OK | |
r-devel-linux-x86_64-fedora-clang | 1.1.4 | 139.86 | NOTE | |||
r-devel-linux-x86_64-fedora-gcc | 1.1.4 | 133.93 | NOTE | |||
r-devel-windows-x86_64 | 1.1.4 | 22.00 | 116.00 | 138.00 | OK | |
r-devel-windows-x86_64-gcc10-UCRT | 1.1.4 | NOTE | ||||
r-patched-linux-x86_64 | 1.1.4 | 18.80 | 90.49 | 109.29 | OK | |
r-patched-solaris-x86 | 1.1.4 | 175.90 | NOTE | |||
r-release-linux-x86_64 | 1.1.4 | 16.32 | 90.62 | 106.94 | OK | |
r-release-macos-arm64 | 1.1.4 | NOTE | ||||
r-release-macos-x86_64 | 1.1.4 | NOTE | ||||
r-release-windows-ix86+x86_64 | 1.1.4 | 26.00 | 137.00 | 163.00 | OK | |
r-oldrel-macos-x86_64 | 1.1.4 | NOTE | ||||
r-oldrel-windows-ix86+x86_64 | 1.1.4 | 32.00 | 117.00 | 149.00 | OK |
Version: 1.1.4
Check: dependencies in R code
Result: NOTE
Namespace in Imports field not imported from: ‘gstat’
All declared Imports should be used.
Flavors: r-devel-linux-x86_64-fedora-clang, r-devel-linux-x86_64-fedora-gcc, r-devel-windows-x86_64-gcc10-UCRT, r-patched-solaris-x86, r-release-macos-arm64, r-release-macos-x86_64, r-oldrel-macos-x86_64