CRAN Package Check Results for Package cowbell

Last updated on 2021-07-01 01:49:09 CEST.

Flavor Version Tinstall Tcheck Ttotal Status Flags
r-devel-linux-x86_64-debian-clang 0.1.0 2.91 78.71 81.62 OK
r-devel-linux-x86_64-debian-gcc 0.1.0 2.31 58.57 60.88 OK
r-devel-linux-x86_64-fedora-clang 0.1.0 102.22 NOTE
r-devel-linux-x86_64-fedora-gcc 0.1.0 92.97 NOTE
r-devel-windows-x86_64 0.1.0 14.00 100.00 114.00 OK
r-devel-windows-x86_64-gcc10-UCRT 0.1.0 NOTE
r-patched-linux-x86_64 0.1.0 2.85 74.99 77.84 OK
r-patched-solaris-x86 0.1.0 126.90 NOTE
r-release-linux-x86_64 0.1.0 2.66 75.48 78.14 OK
r-release-macos-arm64 0.1.0 NOTE
r-release-macos-x86_64 0.1.0 NOTE
r-release-windows-ix86+x86_64 0.1.0 7.00 85.00 92.00 OK
r-oldrel-macos-x86_64 0.1.0 NOTE
r-oldrel-windows-ix86+x86_64 0.1.0 7.00 81.00 88.00 OK

Check Details

Version: 0.1.0
Check: dependencies in R code
Result: NOTE
    Namespaces in Imports field not imported from:
     ‘ggplot2’ ‘misc3d’
     All declared Imports should be used.
Flavors: r-devel-linux-x86_64-fedora-clang, r-devel-linux-x86_64-fedora-gcc, r-devel-windows-x86_64-gcc10-UCRT, r-patched-solaris-x86, r-release-macos-arm64, r-release-macos-x86_64, r-oldrel-macos-x86_64