Last updated on 2021-07-01 01:49:09 CEST.
Flavor | Version | Tinstall | Tcheck | Ttotal | Status | Flags |
---|---|---|---|---|---|---|
r-devel-linux-x86_64-debian-clang | 1.0.3 | 44.73 | 174.12 | 218.85 | NOTE | |
r-devel-linux-x86_64-debian-gcc | 1.0.3 | 29.96 | 128.32 | 158.28 | NOTE | |
r-devel-linux-x86_64-fedora-clang | 1.0.3 | 271.36 | NOTE | |||
r-devel-linux-x86_64-fedora-gcc | 1.0.3 | 255.45 | NOTE | |||
r-devel-windows-x86_64 | 1.0.3 | 42.00 | 209.00 | 251.00 | NOTE | |
r-devel-windows-x86_64-gcc10-UCRT | 1.0.3 | NOTE | ||||
r-patched-linux-x86_64 | 1.0.3 | 34.06 | 163.12 | 197.18 | NOTE | |
r-patched-solaris-x86 | 1.0.3 | 353.80 | NOTE | |||
r-release-linux-x86_64 | 1.0.3 | 33.47 | 162.40 | 195.87 | NOTE | |
r-release-macos-arm64 | 1.0.3 | NOTE | ||||
r-release-macos-x86_64 | 1.0.3 | NOTE | ||||
r-release-windows-ix86+x86_64 | 1.0.3 | 96.00 | 209.00 | 305.00 | NOTE | |
r-oldrel-macos-x86_64 | 1.0.3 | OK | ||||
r-oldrel-windows-ix86+x86_64 | 1.0.3 | 100.00 | 200.00 | 300.00 | OK |
Version: 1.0.3
Check: LazyData
Result: NOTE
'LazyData' is specified without a 'data' directory
Flavors: r-devel-linux-x86_64-debian-clang, r-devel-linux-x86_64-debian-gcc, r-devel-linux-x86_64-fedora-clang, r-devel-linux-x86_64-fedora-gcc, r-devel-windows-x86_64, r-devel-windows-x86_64-gcc10-UCRT, r-patched-linux-x86_64, r-patched-solaris-x86, r-release-linux-x86_64, r-release-macos-arm64, r-release-macos-x86_64, r-release-windows-ix86+x86_64