Last updated on 2021-07-01 01:49:09 CEST.
Flavor | Version | Tinstall | Tcheck | Ttotal | Status | Flags |
---|---|---|---|---|---|---|
r-devel-linux-x86_64-debian-clang | 2.2.1 | 160.23 | 69.48 | 229.71 | OK | |
r-devel-linux-x86_64-debian-gcc | 2.2.1 | 105.50 | 51.11 | 156.61 | OK | |
r-devel-linux-x86_64-fedora-clang | 2.2.1 | 333.17 | NOTE | |||
r-devel-linux-x86_64-fedora-gcc | 2.2.1 | 274.08 | NOTE | |||
r-devel-windows-x86_64 | 2.2.1 | 162.00 | 100.00 | 262.00 | OK | --no-vignettes |
r-devel-windows-x86_64-gcc10-UCRT | 2.2.1 | NOTE | ||||
r-patched-linux-x86_64 | 2.2.1 | 123.19 | 64.71 | 187.90 | OK | |
r-patched-solaris-x86 | 2.2.1 | 256.20 | NOTE | |||
r-release-linux-x86_64 | 2.2.1 | 117.34 | 64.41 | 181.75 | OK | |
r-release-macos-arm64 | 2.2.1 | NOTE | ||||
r-release-macos-x86_64 | 2.2.1 | NOTE | ||||
r-release-windows-ix86+x86_64 | 2.2.1 | 345.00 | 120.00 | 465.00 | OK | --no-vignettes |
r-oldrel-macos-x86_64 | 2.2.1 | NOTE | ||||
r-oldrel-windows-ix86+x86_64 | 2.2.1 | 338.00 | 118.00 | 456.00 | OK | --no-vignettes |
Version: 2.2.1
Check: installed package size
Result: NOTE
installed size is 7.4Mb
sub-directories of 1Mb or more:
libs 6.7Mb
Flavors: r-devel-linux-x86_64-fedora-clang, r-release-macos-arm64, r-release-macos-x86_64, r-oldrel-macos-x86_64
Version: 2.2.1
Check: dependencies in R code
Result: NOTE
Namespaces in Imports field not imported from:
‘gdistance’ ‘raster’
All declared Imports should be used.
Flavors: r-devel-linux-x86_64-fedora-clang, r-devel-linux-x86_64-fedora-gcc, r-devel-windows-x86_64-gcc10-UCRT, r-patched-solaris-x86, r-release-macos-arm64, r-release-macos-x86_64, r-oldrel-macos-x86_64