CRAN Package Check Results for Package crossdes

Last updated on 2021-07-01 01:49:09 CEST.

Flavor Version Tinstall Tcheck Ttotal Status Flags
r-devel-linux-x86_64-debian-clang 1.1-1 3.28 29.63 32.91 NOTE
r-devel-linux-x86_64-debian-gcc 1.1-1 2.36 23.51 25.87 NOTE
r-devel-linux-x86_64-fedora-clang 1.1-1 48.45 NOTE
r-devel-linux-x86_64-fedora-gcc 1.1-1 37.88 NOTE
r-devel-windows-x86_64 1.1-1 4.00 46.00 50.00 NOTE
r-devel-windows-x86_64-gcc10-UCRT 1.1-1 NOTE
r-patched-linux-x86_64 1.1-1 2.62 28.63 31.25 NOTE
r-patched-solaris-x86 1.1-1 58.20 NOTE
r-release-linux-x86_64 1.1-1 3.11 28.65 31.76 NOTE
r-release-macos-arm64 1.1-1 NOTE
r-release-macos-x86_64 1.1-1 NOTE
r-release-windows-ix86+x86_64 1.1-1 5.00 44.00 49.00 NOTE
r-oldrel-macos-x86_64 1.1-1 NOTE
r-oldrel-windows-ix86+x86_64 1.1-1 6.00 46.00 52.00 NOTE

Check Details

Version: 1.1-1
Check: R code for possible problems
Result: NOTE
    get.plan: no visible global function definition for 'menu'
    Undefined global functions or variables:
     menu
    Consider adding
     importFrom("utils", "menu")
    to your NAMESPACE file.
Flavors: r-devel-linux-x86_64-debian-clang, r-devel-linux-x86_64-debian-gcc, r-devel-linux-x86_64-fedora-clang, r-devel-linux-x86_64-fedora-gcc, r-devel-windows-x86_64, r-devel-windows-x86_64-gcc10-UCRT, r-patched-linux-x86_64, r-patched-solaris-x86, r-release-linux-x86_64, r-release-macos-arm64, r-release-macos-x86_64, r-release-windows-ix86+x86_64, r-oldrel-macos-x86_64, r-oldrel-windows-ix86+x86_64