Last updated on 2021-07-01 01:49:09 CEST.
Flavor | Version | Tinstall | Tcheck | Ttotal | Status | Flags |
---|---|---|---|---|---|---|
r-devel-linux-x86_64-debian-clang | 1.28.0 | 37.74 | 362.45 | 400.19 | OK | |
r-devel-linux-x86_64-debian-gcc | 1.28.0 | 32.29 | 268.53 | 300.82 | OK | |
r-devel-linux-x86_64-fedora-clang | 1.28.0 | 476.27 | OK | |||
r-devel-linux-x86_64-fedora-gcc | 1.28.0 | 501.46 | OK | |||
r-devel-windows-x86_64 | 1.28.0 | 43.00 | 403.00 | 446.00 | OK | |
r-devel-windows-x86_64-gcc10-UCRT | 1.28.0 | OK | ||||
r-patched-linux-x86_64 | 1.28.0 | 41.88 | 345.47 | 387.35 | OK | |
r-patched-solaris-x86 | 1.28.0 | 523.70 | OK | |||
r-release-linux-x86_64 | 1.28.0 | 34.72 | 344.37 | 379.09 | OK | |
r-release-macos-arm64 | 1.28.0 | ERROR | ||||
r-release-macos-x86_64 | 1.28.0 | OK | ||||
r-release-windows-ix86+x86_64 | 1.28.0 | 75.00 | 398.00 | 473.00 | OK | |
r-oldrel-macos-x86_64 | 1.28.0 | OK | ||||
r-oldrel-windows-ix86+x86_64 | 1.28.0 | 61.00 | 397.00 | 458.00 | OK |
Version: 1.28.0
Check: tests
Result: ERROR
Running ‘spelling.R’ [0s/0s]
Running ‘testthat.R’ [65s/78s]
Running the tests in ‘tests/testthat.R’ failed.
Last 13 lines of output:
• TODO modify variablesFilter to distinguish between a fully specified variable subset and the original dataset (1)
• TODO: distinguish this kind of attempted value updating from metadata updates (2)
• TODO: ensure something about the elements of a 'list column' (1)
• TODO: something intelligent with parentheses and order of operations (GH issue #99) (1)
• empty test (3)
══ Failed tests ════════════════════════════════════════════════════════════════
── <1b>[1m<1b>[38;5;214mFailure<1b>[39m (test-automation.R:92:9): Scripts catalog print method<1b>[22m ───────────────────────────
formatScriptCatalog(...) not identical to data.frame(...).
Component "Timestamp": 1 string mismatch
[ <1b>[38;5;214mFAIL<1b>[39m 1 | <1b>[35mWARN<1b>[39m 7 | <1b>[34mSKIP<1b>[39m 15 | <1b>[32mPASS<1b>[39m 3502 ]
Error: Test failures
Total teardown: Time difference of 1.597404e-05 secs
Execution halted
Flavor: r-release-macos-arm64