CRAN Package Check Results for Package csv

Last updated on 2021-07-01 01:49:09 CEST.

Flavor Version Tinstall Tcheck Ttotal Status Flags
r-devel-linux-x86_64-debian-clang 0.5.9 2.17 27.17 29.34 NOTE
r-devel-linux-x86_64-debian-gcc 0.5.9 1.85 20.96 22.81 NOTE
r-devel-linux-x86_64-fedora-clang 0.5.9 44.69 NOTE
r-devel-linux-x86_64-fedora-gcc 0.5.9 33.57 NOTE
r-devel-windows-x86_64 0.5.9 3.00 43.00 46.00 NOTE
r-devel-windows-x86_64-gcc10-UCRT 0.5.9 NOTE
r-patched-linux-x86_64 0.5.9 2.43 25.56 27.99 NOTE
r-patched-solaris-x86 0.5.9 54.40 NOTE
r-release-linux-x86_64 0.5.9 2.36 25.95 28.31 NOTE
r-release-macos-arm64 0.5.9 NOTE
r-release-macos-x86_64 0.5.9 NOTE
r-release-windows-ix86+x86_64 0.5.9 5.00 36.00 41.00 NOTE
r-oldrel-macos-x86_64 0.5.9 OK
r-oldrel-windows-ix86+x86_64 0.5.9 6.00 41.00 47.00 OK

Check Details

Version: 0.5.9
Check: LazyData
Result: NOTE
     'LazyData' is specified without a 'data' directory
Flavors: r-devel-linux-x86_64-debian-clang, r-devel-linux-x86_64-debian-gcc, r-devel-linux-x86_64-fedora-clang, r-devel-linux-x86_64-fedora-gcc, r-devel-windows-x86_64, r-devel-windows-x86_64-gcc10-UCRT, r-patched-linux-x86_64, r-patched-solaris-x86, r-release-linux-x86_64, r-release-macos-arm64, r-release-macos-x86_64, r-release-windows-ix86+x86_64