Last updated on 2021-07-01 01:49:09 CEST.
Flavor | Version | Tinstall | Tcheck | Ttotal | Status | Flags |
---|---|---|---|---|---|---|
r-devel-linux-x86_64-debian-clang | 1.2.9 | 19.09 | 139.84 | 158.93 | OK | |
r-devel-linux-x86_64-debian-gcc | 1.2.9 | 13.04 | 107.02 | 120.06 | OK | |
r-devel-linux-x86_64-fedora-clang | 1.2.9 | 190.59 | OK | |||
r-devel-linux-x86_64-fedora-gcc | 1.2.9 | 186.63 | OK | |||
r-devel-windows-x86_64 | 1.2.9 | 32.00 | 162.00 | 194.00 | OK | |
r-devel-windows-x86_64-gcc10-UCRT | 1.2.9 | OK | ||||
r-patched-linux-x86_64 | 1.2.9 | 16.18 | 132.26 | 148.44 | OK | |
r-patched-solaris-x86 | 1.2.9 | 289.70 | OK | |||
r-release-linux-x86_64 | 1.2.9 | 14.53 | 135.04 | 149.57 | OK | |
r-release-macos-arm64 | 1.2.9 | NOTE | ||||
r-release-macos-x86_64 | 1.2.9 | OK | ||||
r-release-windows-ix86+x86_64 | 1.2.9 | 37.00 | 159.00 | 196.00 | OK | |
r-oldrel-macos-x86_64 | 1.2.9 | OK | ||||
r-oldrel-windows-ix86+x86_64 | 1.2.9 | 38.00 | 135.00 | 173.00 | OK |
Version: 1.2.9
Check: package dependencies
Result: NOTE
Package suggested but not available for checking: ‘crawl’
Flavor: r-release-macos-arm64