CRAN Package Check Results for Package ctmm

Last updated on 2021-07-01 01:49:09 CEST.

Flavor Version Tinstall Tcheck Ttotal Status Flags
r-devel-linux-x86_64-debian-clang 0.6.0 35.57 357.22 392.79 OK --no-vignettes
r-devel-linux-x86_64-debian-gcc 0.6.0 29.63 268.59 298.22 OK --no-vignettes
r-devel-linux-x86_64-fedora-clang 0.6.0 467.23 OK --no-vignettes
r-devel-linux-x86_64-fedora-gcc 0.6.0 470.94 OK --no-vignettes
r-devel-windows-x86_64 0.6.0 88.00 543.00 631.00 OK --no-vignettes
r-devel-windows-x86_64-gcc10-UCRT 0.6.0 FAIL
r-patched-linux-x86_64 0.6.0 38.19 341.85 380.04 OK --no-vignettes
r-patched-solaris-x86 0.6.0 594.10 OK --no-vignettes
r-release-linux-x86_64 0.6.0 33.38 344.66 378.04 OK --no-vignettes
r-release-macos-arm64 0.6.0 NOTE
r-release-macos-x86_64 0.6.0 OK
r-release-windows-ix86+x86_64 0.6.0 194.00 494.00 688.00 OK --no-vignettes
r-oldrel-macos-x86_64 0.6.0 WARN
r-oldrel-windows-ix86+x86_64 0.6.0 179.00 535.00 714.00 OK --no-vignettes

Check Details

Version: 0.6.0
Check: re-building of vignette outputs
Result: FAIL
Flavor: r-devel-windows-x86_64-gcc10-UCRT

Version: 0.6.0
Check: package dependencies
Result: NOTE
    Package suggested but not available for checking: ‘move’
Flavor: r-release-macos-arm64

Version: 0.6.0
Check: re-building of vignette outputs
Result: WARN
    Error(s) in re-building vignettes:
    --- re-building ‘akde.Rmd’ using rmarkdown
    Warning in engine$weave(file, quiet = quiet, encoding = enc) :
     Pandoc (>= 1.12.3) not available. Falling back to R Markdown v1.
    --- finished re-building ‘akde.Rmd’
    
    --- re-building ‘error.Rmd’ using rmarkdown
    Warning in engine$weave(file, quiet = quiet, encoding = enc) :
     Pandoc (>= 1.12.3) not available. Falling back to R Markdown v1.
    --- finished re-building ‘error.Rmd’
    
    --- re-building ‘periodogram.Rmd’ using rmarkdown
    Warning in engine$weave(file, quiet = quiet, encoding = enc) :
     Pandoc (>= 1.12.3) not available. Falling back to R Markdown v1.
    --- finished re-building ‘periodogram.Rmd’
    
    --- re-building ‘variogram.Rmd’ using rmarkdown
    Warning in engine$weave(file, quiet = quiet, encoding = enc) :
     Pandoc (>= 1.12.3) not available. Falling back to R Markdown v1.
    
    Execution halted
    SUMMARY: processing the following file failed:
     ‘variogram.Rmd’
    
    Error: Vignette re-building failed.
    Execution halted
    
    * checking PDF version of manual ...* using check arguments '--no-clean-on-error '
Flavor: r-oldrel-macos-x86_64