CRAN Package Check Results for Package curl

Last updated on 2021-07-01 01:49:09 CEST.

Flavor Version Tinstall Tcheck Ttotal Status Flags
r-devel-linux-x86_64-debian-clang 4.3.2 6.86 40.72 47.58 NOTE
r-devel-linux-x86_64-debian-gcc 4.3.2 4.87 31.97 36.84 NOTE
r-devel-linux-x86_64-fedora-clang 4.3.2 64.65 NOTE
r-devel-linux-x86_64-fedora-gcc 4.3.2 56.57 NOTE
r-devel-windows-x86_64 4.3.2 42.00 166.00 208.00 NOTE
r-devel-windows-x86_64-gcc10-UCRT 4.3.2 WARN
r-patched-linux-x86_64 4.3.2 5.96 40.07 46.03 NOTE
r-patched-solaris-x86 4.3.2 81.00 NOTE
r-release-linux-x86_64 4.3.2 5.78 40.57 46.35 NOTE
r-release-macos-arm64 4.3.2 NOTE
r-release-macos-x86_64 4.3.2 NOTE
r-release-windows-ix86+x86_64 4.3.2 1.00 46.00 47.00 ERROR
r-oldrel-macos-x86_64 4.3.2 NOTE
r-oldrel-windows-ix86+x86_64 4.3.2 67.00 240.00 307.00 NOTE

Check Details

Version: 4.3.2
Check: compiled code
Result: NOTE
    File 'curl/libs/curl.so':
     Found non-API call to R: 'R_new_custom_connection'
    
    Compiled code should not call non-API entry points in R.
    
    See 'Writing portable packages' in the 'Writing R Extensions' manual.
Flavors: r-devel-linux-x86_64-debian-clang, r-devel-linux-x86_64-debian-gcc, r-devel-linux-x86_64-fedora-clang, r-devel-linux-x86_64-fedora-gcc, r-patched-linux-x86_64, r-patched-solaris-x86, r-release-linux-x86_64, r-release-macos-arm64, r-release-macos-x86_64, r-oldrel-macos-x86_64

Version: 4.3.2
Check: installed package size
Result: NOTE
     installed size is 5.9Mb
     sub-directories of 1Mb or more:
     doc 2.1Mb
     libs 3.6Mb
Flavors: r-devel-windows-x86_64, r-oldrel-windows-ix86+x86_64

Version: 4.3.2
Check: compiled code
Result: NOTE
    File 'curl/libs/x64/curl.dll':
     Found non-API call to R: 'R_new_custom_connection'
    
    Compiled code should not call non-API entry points in R.
    
    See 'Writing portable packages' in the 'Writing R Extensions' manual.
Flavors: r-devel-windows-x86_64, r-devel-windows-x86_64-gcc10-UCRT

Version: 4.3.2
Check: whether package can be installed
Result: WARN
    Found the following significant warnings:
     WARNING: failed to apply patch patches/CRAN/curl.diff
Flavor: r-devel-windows-x86_64-gcc10-UCRT

Version: 4.3.2
Check: whether package can be installed
Result: ERROR
    Installation failed.
Flavor: r-release-windows-ix86+x86_64

Version: 4.3.2
Check: compiled code
Result: NOTE
    File 'curl/libs/i386/curl.dll':
     Found non-API call to R: 'R_new_custom_connection'
    File 'curl/libs/x64/curl.dll':
     Found non-API call to R: 'R_new_custom_connection'
    
    Compiled code should not call non-API entry points in R.
    
    See 'Writing portable packages' in the 'Writing R Extensions' manual.
Flavor: r-oldrel-windows-ix86+x86_64