CRAN Package Check Results for Package currentSurvival

Last updated on 2021-07-01 01:49:09 CEST.

Flavor Version Tinstall Tcheck Ttotal Status Flags
r-devel-linux-x86_64-debian-clang 1.0 11.06 72.53 83.59 NOTE
r-devel-linux-x86_64-debian-gcc 1.0 7.84 54.55 62.39 NOTE
r-devel-linux-x86_64-fedora-clang 1.0 105.46 NOTE
r-devel-linux-x86_64-fedora-gcc 1.0 95.42 NOTE
r-devel-windows-x86_64 1.0 10.00 92.00 102.00 NOTE
r-devel-windows-x86_64-gcc10-UCRT 1.0 NOTE
r-patched-linux-x86_64 1.0 9.99 69.18 79.17 NOTE
r-patched-solaris-x86 1.0 136.80 NOTE
r-release-linux-x86_64 1.0 9.87 68.07 77.94 NOTE
r-release-macos-arm64 1.0 NOTE
r-release-macos-x86_64 1.0 NOTE
r-release-windows-ix86+x86_64 1.0 24.00 88.00 112.00 NOTE
r-oldrel-macos-x86_64 1.0 NOTE
r-oldrel-windows-ix86+x86_64 1.0 19.00 91.00 110.00 NOTE

Check Details

Version: 1.0
Check: R code for possible problems
Result: NOTE
    cci.nostrat: no visible global function definition for 'quantile'
    cci.nostrat: no visible global function definition for 'axis'
    cci.nostrat: no visible global function definition for 'lines'
    cci.nostrat: no visible global function definition for 'legend'
    cci.strat: no visible global function definition for 'axis'
    cci.strat: no visible global function definition for 'lines'
    cci.strat: no visible global function definition for 'legend'
    clfs.nostrat: no visible global function definition for 'quantile'
    clfs.nostrat: no visible global function definition for 'axis'
    clfs.nostrat: no visible global function definition for 'lines'
    clfs.nostrat: no visible global function definition for 'legend'
    clfs.strat: no visible global function definition for 'axis'
    clfs.strat: no visible global function definition for 'lines'
    clfs.strat: no visible global function definition for 'legend'
    pvals.2cat: no visible global function definition for 'pchisq'
    pvals.cat: no visible global function definition for 'pchisq'
    Undefined global functions or variables:
     axis legend lines pchisq quantile
    Consider adding
     importFrom("graphics", "axis", "legend", "lines")
     importFrom("stats", "pchisq", "quantile")
    to your NAMESPACE file.
Flavors: r-devel-linux-x86_64-debian-clang, r-devel-linux-x86_64-debian-gcc, r-devel-linux-x86_64-fedora-clang, r-devel-linux-x86_64-fedora-gcc, r-devel-windows-x86_64, r-devel-windows-x86_64-gcc10-UCRT, r-patched-linux-x86_64, r-patched-solaris-x86, r-release-linux-x86_64, r-release-macos-arm64, r-release-macos-x86_64, r-release-windows-ix86+x86_64, r-oldrel-macos-x86_64, r-oldrel-windows-ix86+x86_64