CRAN Package Check Results for Package cusp

Last updated on 2021-07-01 01:49:09 CEST.

Flavor Version Tinstall Tcheck Ttotal Status Flags
r-devel-linux-x86_64-debian-clang 2.3.3 6.41 91.31 97.72 OK
r-devel-linux-x86_64-debian-gcc 2.3.3 4.84 67.02 71.86 OK
r-devel-linux-x86_64-fedora-clang 2.3.3 124.36 NOTE
r-devel-linux-x86_64-fedora-gcc 2.3.3 117.40 NOTE
r-devel-windows-x86_64 2.3.3 7.00 148.00 155.00 OK
r-devel-windows-x86_64-gcc10-UCRT 2.3.3 OK
r-patched-linux-x86_64 2.3.3 5.68 92.75 98.43 OK
r-patched-solaris-x86 2.3.3 167.80 OK
r-release-linux-x86_64 2.3.3 4.99 90.25 95.24 OK
r-release-macos-arm64 2.3.3 OK
r-release-macos-x86_64 2.3.3 OK
r-release-windows-ix86+x86_64 2.3.3 8.00 157.00 165.00 OK
r-oldrel-macos-x86_64 2.3.3 OK
r-oldrel-windows-ix86+x86_64 2.3.3 10.00 178.00 188.00 OK

Check Details

Version: 2.3.3
Check: compiled code
Result: NOTE
    File ‘cusp/libs/cusp.so’:
     Found no calls to: ‘R_registerRoutines’, ‘R_useDynamicSymbols’
    
    It is good practice to register native routines and to disable symbol
    search.
    
    See ‘Writing portable packages’ in the ‘Writing R Extensions’ manual.
Flavors: r-devel-linux-x86_64-fedora-clang, r-devel-linux-x86_64-fedora-gcc