CRAN Package Check Results for Package cyclocomp

Last updated on 2021-07-01 01:49:09 CEST.

Flavor Version Tinstall Tcheck Ttotal Status Flags
r-devel-linux-x86_64-debian-clang 1.1.0 2.70 32.40 35.10 NOTE
r-devel-linux-x86_64-debian-gcc 1.1.0 2.18 25.06 27.24 NOTE
r-devel-linux-x86_64-fedora-clang 1.1.0 50.67 NOTE
r-devel-linux-x86_64-fedora-gcc 1.1.0 40.28 NOTE
r-devel-windows-x86_64 1.1.0 3.00 48.00 51.00 NOTE
r-devel-windows-x86_64-gcc10-UCRT 1.1.0 NOTE
r-patched-linux-x86_64 1.1.0 2.83 31.20 34.03 NOTE
r-patched-solaris-x86 1.1.0 64.00 NOTE
r-release-linux-x86_64 1.1.0 2.50 31.33 33.83 NOTE
r-release-macos-arm64 1.1.0 NOTE
r-release-macos-x86_64 1.1.0 NOTE
r-release-windows-ix86+x86_64 1.1.0 6.00 46.00 52.00 NOTE
r-oldrel-macos-x86_64 1.1.0 OK
r-oldrel-windows-ix86+x86_64 1.1.0 6.00 48.00 54.00 OK

Check Details

Version: 1.1.0
Check: LazyData
Result: NOTE
     'LazyData' is specified without a 'data' directory
Flavors: r-devel-linux-x86_64-debian-clang, r-devel-linux-x86_64-debian-gcc, r-devel-linux-x86_64-fedora-clang, r-devel-linux-x86_64-fedora-gcc, r-devel-windows-x86_64, r-devel-windows-x86_64-gcc10-UCRT, r-patched-linux-x86_64, r-patched-solaris-x86, r-release-linux-x86_64, r-release-macos-arm64, r-release-macos-x86_64, r-release-windows-ix86+x86_64