CRAN Package Check Results for Package dPCP

Last updated on 2021-07-01 01:49:10 CEST.

Flavor Version Tinstall Tcheck Ttotal Status Flags
r-devel-linux-x86_64-debian-clang 1.0.3 7.78 73.87 81.65 NOTE
r-devel-linux-x86_64-debian-gcc 1.0.3 7.78 53.99 61.77 NOTE
r-devel-linux-x86_64-fedora-clang 1.0.3 107.87 NOTE
r-devel-linux-x86_64-fedora-gcc 1.0.3 92.61 NOTE
r-devel-windows-x86_64 1.0.3 35.00 91.00 126.00 NOTE
r-devel-windows-x86_64-gcc10-UCRT 1.0.3 NOTE
r-patched-linux-x86_64 1.0.3 8.43 67.84 76.27 NOTE
r-patched-solaris-x86 1.0.3 133.40 NOTE
r-release-linux-x86_64 1.0.3 7.55 67.63 75.18 NOTE
r-release-macos-arm64 1.0.3 NOTE
r-release-macos-x86_64 1.0.3 NOTE
r-release-windows-ix86+x86_64 1.0.3 24.00 92.00 116.00 NOTE
r-oldrel-macos-x86_64 1.0.3 OK
r-oldrel-windows-ix86+x86_64 1.0.3 20.00 76.00 96.00 OK

Check Details

Version: 1.0.3
Check: LazyData
Result: NOTE
     'LazyData' is specified without a 'data' directory
Flavors: r-devel-linux-x86_64-debian-clang, r-devel-linux-x86_64-debian-gcc, r-devel-linux-x86_64-fedora-clang, r-devel-linux-x86_64-fedora-gcc, r-devel-windows-x86_64, r-devel-windows-x86_64-gcc10-UCRT, r-patched-linux-x86_64, r-patched-solaris-x86, r-release-linux-x86_64, r-release-macos-arm64, r-release-macos-x86_64, r-release-windows-ix86+x86_64

Version: 1.0.3
Check: installed package size
Result: NOTE
     installed size is 5.5Mb
     sub-directories of 1Mb or more:
     extdata 4.3Mb
Flavor: r-patched-solaris-x86