Last updated on 2021-07-01 01:49:09 CEST.
Flavor | Version | Tinstall | Tcheck | Ttotal | Status | Flags |
---|---|---|---|---|---|---|
r-devel-linux-x86_64-debian-clang | 3.4.6 | 21.21 | 216.69 | 237.90 | OK | |
r-devel-linux-x86_64-debian-gcc | 3.4.6 | 18.48 | 154.95 | 173.43 | OK | |
r-devel-linux-x86_64-fedora-clang | 3.4.6 | 277.98 | NOTE | |||
r-devel-linux-x86_64-fedora-gcc | 3.4.6 | 270.49 | NOTE | |||
r-devel-windows-x86_64 | 3.4.6 | 22.00 | 269.00 | 291.00 | OK | |
r-devel-windows-x86_64-gcc10-UCRT | 3.4.6 | NOTE | ||||
r-patched-linux-x86_64 | 3.4.6 | 25.53 | 198.55 | 224.08 | OK | |
r-patched-solaris-x86 | 3.4.6 | 349.10 | NOTE | |||
r-release-linux-x86_64 | 3.4.6 | 19.16 | 201.44 | 220.60 | OK | |
r-release-macos-arm64 | 3.4.6 | NOTE | ||||
r-release-macos-x86_64 | 3.4.6 | NOTE | ||||
r-release-windows-ix86+x86_64 | 3.4.6 | 46.00 | 264.00 | 310.00 | OK | |
r-oldrel-macos-x86_64 | 3.4.6 | NOTE | ||||
r-oldrel-windows-ix86+x86_64 | 3.4.6 | 42.00 | 220.00 | 262.00 | OK |
Version: 3.4.6
Check: data for non-ASCII characters
Result: NOTE
Note: found 4 marked Latin-1 strings
Note: found 21 marked UTF-8 strings
Flavors: r-devel-linux-x86_64-fedora-clang, r-devel-linux-x86_64-fedora-gcc, r-devel-windows-x86_64-gcc10-UCRT, r-patched-solaris-x86, r-release-macos-arm64, r-release-macos-x86_64, r-oldrel-macos-x86_64