Last updated on 2021-07-01 01:49:09 CEST.
Flavor | Version | Tinstall | Tcheck | Ttotal | Status | Flags |
---|---|---|---|---|---|---|
r-devel-linux-x86_64-debian-clang | 0.5.0 | 7.98 | 48.94 | 56.92 | NOTE | |
r-devel-linux-x86_64-debian-gcc | 0.5.0 | 6.62 | 38.25 | 44.87 | NOTE | |
r-devel-linux-x86_64-fedora-clang | 0.5.0 | 76.27 | NOTE | |||
r-devel-linux-x86_64-fedora-gcc | 0.5.0 | 65.55 | NOTE | |||
r-devel-windows-x86_64 | 0.5.0 | 33.00 | 71.00 | 104.00 | NOTE | |
r-devel-windows-x86_64-gcc10-UCRT | 0.5.0 | NOTE | ||||
r-patched-linux-x86_64 | 0.5.0 | 12.84 | 47.04 | 59.88 | NOTE | |
r-patched-solaris-x86 | 0.5.0 | 107.40 | NOTE | |||
r-release-linux-x86_64 | 0.5.0 | 6.98 | 47.27 | 54.25 | NOTE | |
r-release-macos-arm64 | 0.5.0 | NOTE | ||||
r-release-macos-x86_64 | 0.5.0 | NOTE | ||||
r-release-windows-ix86+x86_64 | 0.5.0 | 20.00 | 70.00 | 90.00 | NOTE | |
r-oldrel-macos-x86_64 | 0.5.0 | NOTE | ||||
r-oldrel-windows-ix86+x86_64 | 0.5.0 | 18.00 | 62.00 | 80.00 | NOTE |
Version: 0.5.0
Check: LazyData
Result: NOTE
'LazyData' is specified without a 'data' directory
Flavors: r-devel-linux-x86_64-debian-clang, r-devel-linux-x86_64-debian-gcc, r-devel-linux-x86_64-fedora-clang, r-devel-linux-x86_64-fedora-gcc, r-devel-windows-x86_64, r-devel-windows-x86_64-gcc10-UCRT, r-patched-linux-x86_64, r-patched-solaris-x86, r-release-linux-x86_64, r-release-macos-arm64, r-release-macos-x86_64, r-release-windows-ix86+x86_64
Version: 0.5.0
Check: installed package size
Result: NOTE
installed size is 8.8Mb
sub-directories of 1Mb or more:
lib 8.4Mb
Flavors: r-devel-linux-x86_64-fedora-clang, r-devel-windows-x86_64, r-patched-solaris-x86, r-release-macos-arm64, r-release-macos-x86_64, r-release-windows-ix86+x86_64, r-oldrel-macos-x86_64, r-oldrel-windows-ix86+x86_64
Version: 0.5.0
Check: dependencies in R code
Result: NOTE
Namespace in Imports field not imported from: ‘dashTable’
All declared Imports should be used.
Flavors: r-devel-linux-x86_64-fedora-clang, r-devel-linux-x86_64-fedora-gcc, r-devel-windows-x86_64-gcc10-UCRT, r-patched-solaris-x86, r-release-macos-arm64, r-release-macos-x86_64, r-oldrel-macos-x86_64