CRAN Package Check Results for Package data.tree

Last updated on 2021-07-01 01:49:09 CEST.

Flavor Version Tinstall Tcheck Ttotal Status Flags
r-devel-linux-x86_64-debian-clang 1.0.0 6.94 98.08 105.02 OK
r-devel-linux-x86_64-debian-gcc 1.0.0 4.89 73.98 78.87 OK
r-devel-linux-x86_64-fedora-clang 1.0.0 131.07 OK
r-devel-linux-x86_64-fedora-gcc 1.0.0 122.81 OK
r-devel-windows-x86_64 1.0.0 7.00 136.00 143.00 OK
r-devel-windows-x86_64-gcc10-UCRT 1.0.0 OK
r-patched-linux-x86_64 1.0.0 8.56 93.35 101.91 OK
r-patched-solaris-x86 1.0.0 164.40 WARN
r-release-linux-x86_64 1.0.0 7.16 96.18 103.34 OK
r-release-macos-arm64 1.0.0 WARN
r-release-macos-x86_64 1.0.0 WARN
r-release-windows-ix86+x86_64 1.0.0 9.00 121.00 130.00 OK
r-oldrel-macos-x86_64 1.0.0 WARN
r-oldrel-windows-ix86+x86_64 1.0.0 11.00 123.00 134.00 OK

Check Details

Version: 1.0.0
Check: re-building of vignette outputs
Result: WARN
    Error(s) in re-building vignettes:
     ...
    --- re-building ‘applications.Rmd’ using rmarkdown
    Warning in engine$weave(file, quiet = quiet, encoding = enc) :
     Pandoc (>= 1.12.3) not available. Falling back to R Markdown v1.
    --- finished re-building ‘applications.Rmd’
    
    --- re-building ‘data.tree.Rmd’ using rmarkdown
    Warning in engine$weave(file, quiet = quiet, encoding = enc) :
     Pandoc (>= 1.12.3) not available. Falling back to R Markdown v1.
    Quitting from lines 513-516 (data.tree.Rmd)
    Error: processing vignette 'data.tree.Rmd' failed with diagnostics:
    there is no package called 'webshot'
    --- failed re-building ‘data.tree.Rmd’
    
    SUMMARY: processing the following file failed:
     ‘data.tree.Rmd’
    
    Error: Vignette re-building failed.
    Execution halted
Flavor: r-patched-solaris-x86

Version: 1.0.0
Check: re-building of vignette outputs
Result: WARN
    Error(s) in re-building vignettes:
     ...
    --- re-building ‘applications.Rmd’ using rmarkdown
    Warning in engine$weave(file, quiet = quiet, encoding = enc) :
     Pandoc (>= 1.12.3) not available. Falling back to R Markdown v1.
    --- finished re-building ‘applications.Rmd’
    
    --- re-building ‘data.tree.Rmd’ using rmarkdown
    Warning in engine$weave(file, quiet = quiet, encoding = enc) :
     Pandoc (>= 1.12.3) not available. Falling back to R Markdown v1.
    PhantomJS not found. You can install it with webshot::install_phantomjs(). If it is installed, please make sure the phantomjs executable can be found via the PATH variable.
    PhantomJS not found. You can install it with webshot::install_phantomjs(). If it is installed, please make sure the phantomjs executable can be found via the PATH variable.
    Quitting from lines 513-516 (data.tree.Rmd)
    Error: processing vignette 'data.tree.Rmd' failed with diagnostics:
    invalid 'path' argument
    --- failed re-building ‘data.tree.Rmd’
    
    SUMMARY: processing the following file failed:
     ‘data.tree.Rmd’
    
    Error: Vignette re-building failed.
    Execution halted
Flavors: r-release-macos-arm64, r-release-macos-x86_64

Version: 1.0.0
Check: re-building of vignette outputs
Result: WARN
    Error(s) in re-building vignettes:
     ...
    --- re-building ‘applications.Rmd’ using rmarkdown
    Warning in engine$weave(file, quiet = quiet, encoding = enc) :
     Pandoc (>= 1.12.3) and/or pandoc-citeproc not available. Falling back to R Markdown v1.
    --- finished re-building ‘applications.Rmd’
    
    --- re-building ‘data.tree.Rmd’ using rmarkdown
    Warning in engine$weave(file, quiet = quiet, encoding = enc) :
     Pandoc (>= 1.12.3) and/or pandoc-citeproc not available. Falling back to R Markdown v1.
    PhantomJS not found. You can install it with webshot::install_phantomjs(). If it is installed, please make sure the phantomjs executable can be found via the PATH variable.
    Warning in normalizePath(f2) :
     path[1]="webshot42ce5d62669.png": No such file or directory
    Warning in file(con, "rb") :
     cannot open file 'webshot42ce5d62669.png': No such file or directory
    Quitting from lines 513-516 (data.tree.Rmd)
    Error: processing vignette 'data.tree.Rmd' failed with diagnostics:
    cannot open the connection
    --- failed re-building ‘data.tree.Rmd’
    
    SUMMARY: processing the following file failed:
     ‘data.tree.Rmd’
    
    Error: Vignette re-building failed.
    Execution halted
Flavor: r-oldrel-macos-x86_64