Last updated on 2021-07-01 01:49:09 CEST.
Flavor | Version | Tinstall | Tcheck | Ttotal | Status | Flags |
---|---|---|---|---|---|---|
r-devel-linux-x86_64-debian-clang | 0.2.9 | 180.32 | 152.65 | 332.97 | OK | |
r-devel-linux-x86_64-debian-gcc | 0.2.9 | 157.43 | 110.58 | 268.01 | OK | |
r-devel-linux-x86_64-fedora-clang | 0.2.9 | 462.44 | NOTE | |||
r-devel-linux-x86_64-fedora-gcc | 0.2.9 | 460.30 | NOTE | |||
r-devel-windows-x86_64 | 0.2.9 | 163.00 | 202.00 | 365.00 | OK | |
r-devel-windows-x86_64-gcc10-UCRT | 0.2.9 | OK | ||||
r-patched-linux-x86_64 | 0.2.9 | 174.90 | 144.95 | 319.85 | OK | |
r-patched-solaris-x86 | 0.2.9 | 445.70 | OK | |||
r-release-linux-x86_64 | 0.2.9 | 169.30 | 146.07 | 315.37 | OK | |
r-release-macos-arm64 | 0.2.9 | NOTE | ||||
r-release-macos-x86_64 | 0.2.9 | NOTE | ||||
r-release-windows-ix86+x86_64 | 0.2.9 | 308.00 | 258.00 | 566.00 | NOTE | |
r-oldrel-macos-x86_64 | 0.2.9 | NOTE | ||||
r-oldrel-windows-ix86+x86_64 | 0.2.9 | 404.00 | 277.00 | 681.00 | NOTE |
Version: 0.2.9
Check: installed package size
Result: NOTE
installed size is 42.0Mb
sub-directories of 1Mb or more:
libs 41.1Mb
Flavors: r-devel-linux-x86_64-fedora-clang, r-release-macos-arm64, r-release-macos-x86_64, r-release-windows-ix86+x86_64, r-oldrel-macos-x86_64, r-oldrel-windows-ix86+x86_64
Version: 0.2.9
Check: top-level files
Result: NOTE
‘cleanup’: ‘env bash’ is not portable as bash need not be installed
Flavors: r-devel-linux-x86_64-fedora-clang, r-devel-linux-x86_64-fedora-gcc