CRAN Package Check Results for Package datrProfile

Last updated on 2021-07-01 01:49:09 CEST.

Flavor Version Tinstall Tcheck Ttotal Status Flags
r-devel-linux-x86_64-debian-clang 0.1.0 2.22 27.47 29.69 NOTE
r-devel-linux-x86_64-debian-gcc 0.1.0 1.83 21.42 23.25 NOTE
r-devel-linux-x86_64-fedora-clang 0.1.0 44.71 NOTE
r-devel-linux-x86_64-fedora-gcc 0.1.0 34.22 NOTE
r-devel-windows-x86_64 0.1.0 16.00 43.00 59.00 NOTE
r-devel-windows-x86_64-gcc10-UCRT 0.1.0 NOTE
r-patched-linux-x86_64 0.1.0 2.49 26.04 28.53 NOTE
r-patched-solaris-x86 0.1.0 53.40 NOTE
r-release-linux-x86_64 0.1.0 2.24 26.59 28.83 NOTE
r-release-macos-arm64 0.1.0 NOTE
r-release-macos-x86_64 0.1.0 NOTE
r-release-windows-ix86+x86_64 0.1.0 15.00 41.00 56.00 NOTE
r-oldrel-macos-x86_64 0.1.0 OK
r-oldrel-windows-ix86+x86_64 0.1.0 7.00 35.00 42.00 OK

Check Details

Version: 0.1.0
Check: LazyData
Result: NOTE
     'LazyData' is specified without a 'data' directory
Flavors: r-devel-linux-x86_64-debian-clang, r-devel-linux-x86_64-debian-gcc, r-devel-linux-x86_64-fedora-clang, r-devel-linux-x86_64-fedora-gcc, r-devel-windows-x86_64, r-devel-windows-x86_64-gcc10-UCRT, r-patched-linux-x86_64, r-patched-solaris-x86, r-release-linux-x86_64, r-release-macos-arm64, r-release-macos-x86_64, r-release-windows-ix86+x86_64