CRAN Package Check Results for Package dbflobr

Last updated on 2021-07-01 01:49:09 CEST.

Flavor Version Tinstall Tcheck Ttotal Status Flags
r-devel-linux-x86_64-debian-clang 0.1.0 4.02 83.34 87.36 NOTE
r-devel-linux-x86_64-debian-gcc 0.1.0 3.99 66.16 70.15 NOTE
r-devel-linux-x86_64-fedora-clang 0.1.0 114.68 NOTE
r-devel-linux-x86_64-fedora-gcc 0.1.0 104.08 NOTE
r-devel-windows-x86_64 0.1.0 6.00 112.00 118.00 NOTE
r-devel-windows-x86_64-gcc10-UCRT 0.1.0 NOTE
r-patched-linux-x86_64 0.1.0 4.72 83.34 88.06 NOTE
r-patched-solaris-x86 0.1.0 133.50 NOTE
r-release-linux-x86_64 0.1.0 4.95 84.16 89.11 NOTE
r-release-macos-arm64 0.1.0 NOTE
r-release-macos-x86_64 0.1.0 NOTE
r-release-windows-ix86+x86_64 0.1.0 23.00 112.00 135.00 NOTE
r-oldrel-macos-x86_64 0.1.0 OK
r-oldrel-windows-ix86+x86_64 0.1.0 11.00 93.00 104.00 OK

Check Details

Version: 0.1.0
Check: LazyData
Result: NOTE
     'LazyData' is specified without a 'data' directory
Flavors: r-devel-linux-x86_64-debian-clang, r-devel-linux-x86_64-debian-gcc, r-devel-linux-x86_64-fedora-clang, r-devel-linux-x86_64-fedora-gcc, r-devel-windows-x86_64, r-devel-windows-x86_64-gcc10-UCRT, r-patched-linux-x86_64, r-patched-solaris-x86, r-release-linux-x86_64, r-release-macos-arm64, r-release-macos-x86_64, r-release-windows-ix86+x86_64