Last updated on 2021-07-01 01:49:10 CEST.
Flavor | Version | Tinstall | Tcheck | Ttotal | Status | Flags |
---|---|---|---|---|---|---|
r-devel-linux-x86_64-debian-clang | 1.0.0 | 5.09 | 33.65 | 38.74 | NOTE | |
r-devel-linux-x86_64-debian-gcc | 1.0.0 | 3.70 | 25.66 | 29.36 | NOTE | |
r-devel-linux-x86_64-fedora-clang | 1.0.0 | 55.02 | NOTE | |||
r-devel-linux-x86_64-fedora-gcc | 1.0.0 | 42.61 | NOTE | |||
r-devel-windows-x86_64 | 1.0.0 | 7.00 | 51.00 | 58.00 | NOTE | |
r-devel-windows-x86_64-gcc10-UCRT | 1.0.0 | NOTE | ||||
r-patched-linux-x86_64 | 1.0.0 | 4.24 | 31.52 | 35.76 | NOTE | |
r-patched-solaris-x86 | 1.0.0 | 66.90 | NOTE | |||
r-release-linux-x86_64 | 1.0.0 | 4.62 | 31.42 | 36.04 | NOTE | |
r-release-macos-arm64 | 1.0.0 | NOTE | ||||
r-release-macos-x86_64 | 1.0.0 | NOTE | ||||
r-release-windows-ix86+x86_64 | 1.0.0 | 19.00 | 62.00 | 81.00 | NOTE | |
r-oldrel-macos-x86_64 | 1.0.0 | OK | ||||
r-oldrel-windows-ix86+x86_64 | 1.0.0 | 13.00 | 55.00 | 68.00 | OK |
Version: 1.0.0
Check: LazyData
Result: NOTE
'LazyData' is specified without a 'data' directory
Flavors: r-devel-linux-x86_64-debian-clang, r-devel-linux-x86_64-debian-gcc, r-devel-linux-x86_64-fedora-clang, r-devel-linux-x86_64-fedora-gcc, r-devel-windows-x86_64, r-devel-windows-x86_64-gcc10-UCRT, r-patched-linux-x86_64, r-patched-solaris-x86, r-release-linux-x86_64, r-release-macos-arm64, r-release-macos-x86_64, r-release-windows-ix86+x86_64