Last updated on 2021-07-01 01:49:10 CEST.
Flavor | Version | Tinstall | Tcheck | Ttotal | Status | Flags |
---|---|---|---|---|---|---|
r-devel-linux-x86_64-debian-clang | 1.15.1 | 12.87 | 244.99 | 257.86 | OK | |
r-devel-linux-x86_64-debian-gcc | 1.15.1 | 11.10 | 197.92 | 209.02 | OK | |
r-devel-linux-x86_64-fedora-clang | 1.15.1 | 333.02 | NOTE | |||
r-devel-linux-x86_64-fedora-gcc | 1.15.1 | 326.47 | OK | |||
r-devel-windows-x86_64 | 1.15.1 | 15.00 | 320.00 | 335.00 | NOTE | |
r-devel-windows-x86_64-gcc10-UCRT | 1.15.1 | OK | ||||
r-patched-linux-x86_64 | 1.15.1 | 13.96 | 252.99 | 266.95 | OK | |
r-patched-solaris-x86 | 1.15.1 | 410.90 | NOTE | |||
r-release-linux-x86_64 | 1.15.1 | 12.31 | 256.40 | 268.71 | OK | |
r-release-macos-arm64 | 1.15.1 | NOTE | ||||
r-release-macos-x86_64 | 1.15.1 | NOTE | ||||
r-release-windows-ix86+x86_64 | 1.15.1 | 26.00 | 287.00 | 313.00 | NOTE | |
r-oldrel-macos-x86_64 | 1.15.1 | NOTE | ||||
r-oldrel-windows-ix86+x86_64 | 1.15.1 | 26.00 | 260.00 | 286.00 | NOTE |
Version: 1.15.1
Check: installed package size
Result: NOTE
installed size is 5.4Mb
sub-directories of 1Mb or more:
doc 4.2Mb
Flavors: r-devel-linux-x86_64-fedora-clang, r-devel-windows-x86_64, r-patched-solaris-x86, r-release-macos-arm64, r-release-macos-x86_64, r-release-windows-ix86+x86_64, r-oldrel-macos-x86_64, r-oldrel-windows-ix86+x86_64
Version: 1.15.1
Check: Rd cross-references
Result: NOTE
Undeclared packages ‘WGCNA’, ‘moduleColor’, ‘distory’, ‘phangorn’, ‘zoo’ in Rd xrefs
Flavor: r-devel-linux-x86_64-fedora-clang
Version: 1.15.1
Check: Rd cross-references
Result: NOTE
Package unavailable to check Rd xrefs: ‘WGCNA’
Flavors: r-release-macos-arm64, r-release-macos-x86_64