CRAN Package Check Results for Package depth

Last updated on 2021-07-01 01:49:10 CEST.

Flavor Version Tinstall Tcheck Ttotal Status Flags
r-devel-linux-x86_64-debian-clang 2.1-1.1 12.45 66.62 79.07 OK
r-devel-linux-x86_64-debian-gcc 2.1-1.1 10.41 51.40 61.81 OK
r-devel-linux-x86_64-fedora-clang 2.1-1.1 101.93 NOTE
r-devel-linux-x86_64-fedora-gcc 2.1-1.1 93.71 NOTE
r-devel-windows-x86_64 2.1-1.1 32.00 90.00 122.00 OK
r-devel-windows-x86_64-gcc10-UCRT 2.1-1.1 OK
r-patched-linux-x86_64 2.1-1.1 11.45 65.12 76.57 OK
r-patched-solaris-x86 2.1-1.1 131.30 OK
r-release-linux-x86_64 2.1-1.1 11.00 64.70 75.70 OK
r-release-macos-arm64 2.1-1.1 OK
r-release-macos-x86_64 2.1-1.1 OK
r-release-windows-ix86+x86_64 2.1-1.1 29.00 115.00 144.00 OK
r-oldrel-macos-x86_64 2.1-1.1 OK
r-oldrel-windows-ix86+x86_64 2.1-1.1 29.00 98.00 127.00 OK

Check Details

Version: 2.1-1.1
Check: compiled code
Result: NOTE
    File ‘depth/libs/depth.so’:
     Found no calls to: ‘R_registerRoutines’, ‘R_useDynamicSymbols’
    
    It is good practice to register native routines and to disable symbol
    search.
    
    See ‘Writing portable packages’ in the ‘Writing R Extensions’ manual.
Flavors: r-devel-linux-x86_64-fedora-clang, r-devel-linux-x86_64-fedora-gcc