Last updated on 2021-07-01 01:49:10 CEST.
Flavor | Version | Tinstall | Tcheck | Ttotal | Status | Flags |
---|---|---|---|---|---|---|
r-devel-linux-x86_64-debian-clang | 0.0.6 | 19.37 | 111.90 | 131.27 | OK | |
r-devel-linux-x86_64-debian-gcc | 0.0.6 | 14.75 | 82.27 | 97.02 | OK | |
r-devel-linux-x86_64-fedora-clang | 0.0.6 | 159.43 | NOTE | |||
r-devel-linux-x86_64-fedora-gcc | 0.0.6 | 149.09 | NOTE | |||
r-devel-windows-x86_64 | 0.0.6 | 18.00 | 131.00 | 149.00 | OK | |
r-devel-windows-x86_64-gcc10-UCRT | 0.0.6 | NOTE | ||||
r-patched-linux-x86_64 | 0.0.6 | 18.70 | 102.38 | 121.08 | OK | |
r-patched-solaris-x86 | 0.0.6 | 210.70 | NOTE | |||
r-release-linux-x86_64 | 0.0.6 | 14.65 | 102.81 | 117.46 | OK | |
r-release-macos-arm64 | 0.0.6 | NOTE | ||||
r-release-macos-x86_64 | 0.0.6 | NOTE | ||||
r-release-windows-ix86+x86_64 | 0.0.6 | 38.00 | 124.00 | 162.00 | OK | |
r-oldrel-macos-x86_64 | 0.0.6 | NOTE | ||||
r-oldrel-windows-ix86+x86_64 | 0.0.6 | 38.00 | 110.00 | 148.00 | OK |
Version: 0.0.6
Check: data for non-ASCII characters
Result: NOTE
Note: found 7880 marked UTF-8 strings
Flavors: r-devel-linux-x86_64-fedora-clang, r-devel-linux-x86_64-fedora-gcc, r-devel-windows-x86_64-gcc10-UCRT, r-patched-solaris-x86, r-release-macos-arm64, r-release-macos-x86_64, r-oldrel-macos-x86_64