Last updated on 2021-07-01 01:49:10 CEST.
Flavor | Version | Tinstall | Tcheck | Ttotal | Status | Flags |
---|---|---|---|---|---|---|
r-devel-linux-x86_64-debian-clang | 0.1.1 | 25.25 | 79.24 | 104.49 | OK | |
r-devel-linux-x86_64-debian-gcc | 0.1.1 | 16.88 | 57.77 | 74.65 | OK | |
r-devel-linux-x86_64-fedora-clang | 0.1.1 | 137.74 | NOTE | |||
r-devel-linux-x86_64-fedora-gcc | 0.1.1 | 121.70 | NOTE | |||
r-devel-windows-x86_64 | 0.1.1 | 37.00 | 104.00 | 141.00 | OK | |
r-devel-windows-x86_64-gcc10-UCRT | 0.1.1 | NOTE | ||||
r-patched-linux-x86_64 | 0.1.1 | 20.27 | 72.13 | 92.40 | OK | |
r-patched-solaris-x86 | 0.1.1 | 159.80 | NOTE | |||
r-release-linux-x86_64 | 0.1.1 | 19.42 | 71.88 | 91.30 | OK | |
r-release-macos-arm64 | 0.1.1 | NOTE | ||||
r-release-macos-x86_64 | 0.1.1 | NOTE | ||||
r-release-windows-ix86+x86_64 | 0.1.1 | 60.00 | 129.00 | 189.00 | OK | |
r-oldrel-macos-x86_64 | 0.1.1 | NOTE | ||||
r-oldrel-windows-ix86+x86_64 | 0.1.1 | 61.00 | 114.00 | 175.00 | OK |
Version: 0.1.1
Check: dependencies in R code
Result: NOTE
Namespaces in Imports field not imported from:
‘dplyr’ ‘sf’ ‘tidyverse’
All declared Imports should be used.
Flavors: r-devel-linux-x86_64-fedora-clang, r-devel-linux-x86_64-fedora-gcc, r-devel-windows-x86_64-gcc10-UCRT, r-patched-solaris-x86, r-release-macos-arm64, r-release-macos-x86_64, r-oldrel-macos-x86_64