CRAN Package Check Results for Package directotree

Last updated on 2021-07-01 01:49:10 CEST.

Flavor Version Tinstall Tcheck Ttotal Status Flags
r-devel-linux-x86_64-debian-clang 1.0.0 2.08 26.09 28.17 NOTE
r-devel-linux-x86_64-debian-gcc 1.0.0 2.06 20.24 22.30 NOTE
r-devel-linux-x86_64-fedora-clang 1.0.0 44.10 NOTE
r-devel-linux-x86_64-fedora-gcc 1.0.0 33.33 NOTE
r-devel-windows-x86_64 1.0.0 4.00 42.00 46.00 NOTE
r-devel-windows-x86_64-gcc10-UCRT 1.0.0 NOTE
r-patched-linux-x86_64 1.0.0 2.68 25.02 27.70 NOTE
r-patched-solaris-x86 1.0.0 54.50 NOTE
r-release-linux-x86_64 1.0.0 2.55 25.07 27.62 NOTE
r-release-macos-arm64 1.0.0 NOTE
r-release-macos-x86_64 1.0.0 NOTE
r-release-windows-ix86+x86_64 1.0.0 5.00 39.00 44.00 NOTE
r-oldrel-macos-x86_64 1.0.0 OK
r-oldrel-windows-ix86+x86_64 1.0.0 7.00 40.00 47.00 OK

Check Details

Version: 1.0.0
Check: LazyData
Result: NOTE
     'LazyData' is specified without a 'data' directory
Flavors: r-devel-linux-x86_64-debian-clang, r-devel-linux-x86_64-debian-gcc, r-devel-linux-x86_64-fedora-clang, r-devel-linux-x86_64-fedora-gcc, r-devel-windows-x86_64, r-devel-windows-x86_64-gcc10-UCRT, r-patched-linux-x86_64, r-patched-solaris-x86, r-release-linux-x86_64, r-release-macos-arm64, r-release-macos-x86_64, r-release-windows-ix86+x86_64