Last updated on 2021-07-01 01:49:10 CEST.
Flavor | Version | Tinstall | Tcheck | Ttotal | Status | Flags |
---|---|---|---|---|---|---|
r-devel-linux-x86_64-debian-clang | 2.8.4 | 43.84 | 202.23 | 246.07 | OK | |
r-devel-linux-x86_64-debian-gcc | 2.8.4 | 39.18 | 147.41 | 186.59 | OK | |
r-devel-linux-x86_64-fedora-clang | 2.8.4 | 303.67 | NOTE | |||
r-devel-linux-x86_64-fedora-gcc | 2.8.4 | 297.17 | OK | |||
r-devel-windows-x86_64 | 2.8.4 | 59.00 | 254.00 | 313.00 | OK | |
r-devel-windows-x86_64-gcc10-UCRT | 2.8.4 | OK | ||||
r-patched-linux-x86_64 | 2.8.4 | 47.41 | 189.27 | 236.68 | OK | |
r-patched-solaris-x86 | 2.8.4 | 376.00 | OK | |||
r-release-linux-x86_64 | 2.8.4 | 41.64 | 190.26 | 231.90 | OK | |
r-release-macos-arm64 | 2.8.4 | OK | ||||
r-release-macos-x86_64 | 2.8.4 | OK | ||||
r-release-windows-ix86+x86_64 | 2.8.4 | 58.00 | 225.00 | 283.00 | OK | |
r-oldrel-macos-x86_64 | 2.8.4 | OK | ||||
r-oldrel-windows-ix86+x86_64 | 2.8.4 | 80.00 | 249.00 | 329.00 | OK |
Version: 2.8.4
Check: Rd cross-references
Result: NOTE
Undeclared package ‘RobAStBase’ in Rd xrefs
Flavor: r-devel-linux-x86_64-fedora-clang