Last updated on 2021-07-01 01:49:10 CEST.
Flavor | Version | Tinstall | Tcheck | Ttotal | Status | Flags |
---|---|---|---|---|---|---|
r-devel-linux-x86_64-debian-clang | 0.4.1 | 4.18 | 40.27 | 44.45 | OK | |
r-devel-linux-x86_64-debian-gcc | 0.4.1 | 3.32 | 29.83 | 33.15 | OK | |
r-devel-linux-x86_64-fedora-clang | 0.4.1 | 60.55 | OK | |||
r-devel-linux-x86_64-fedora-gcc | 0.4.1 | 49.38 | OK | |||
r-devel-windows-x86_64 | 0.4.1 | 12.00 | 58.00 | 70.00 | OK | |
r-devel-windows-x86_64-gcc10-UCRT | 0.4.1 | OK | ||||
r-patched-linux-x86_64 | 0.4.1 | 4.51 | 36.99 | 41.50 | OK | |
r-patched-solaris-x86 | 0.4.1 | 72.10 | NOTE | |||
r-release-linux-x86_64 | 0.4.1 | 3.54 | 36.99 | 40.53 | OK | |
r-release-macos-arm64 | 0.4.1 | OK | ||||
r-release-macos-x86_64 | 0.4.1 | OK | ||||
r-release-windows-ix86+x86_64 | 0.4.1 | 17.00 | 56.00 | 73.00 | OK | |
r-oldrel-macos-x86_64 | 0.4.1 | OK | ||||
r-oldrel-windows-ix86+x86_64 | 0.4.1 | 10.00 | 48.00 | 58.00 | OK |
Version: 0.4.1
Check: package dependencies
Result: NOTE
Package suggested but not available for checking: ‘plumberDeploy’
Flavor: r-patched-solaris-x86