Last updated on 2021-07-01 01:49:10 CEST.
Flavor | Version | Tinstall | Tcheck | Ttotal | Status | Flags |
---|---|---|---|---|---|---|
r-devel-linux-x86_64-debian-clang | 0.1.0 | 1.64 | 47.28 | 48.92 | NOTE | |
r-devel-linux-x86_64-debian-gcc | 0.1.0 | 1.74 | 34.22 | 35.96 | NOTE | |
r-devel-linux-x86_64-fedora-clang | 0.1.0 | 66.87 | NOTE | |||
r-devel-linux-x86_64-fedora-gcc | 0.1.0 | 55.54 | NOTE | |||
r-devel-windows-x86_64 | 0.1.0 | 3.00 | 64.00 | 67.00 | NOTE | |
r-devel-windows-x86_64-gcc10-UCRT | 0.1.0 | NOTE | ||||
r-patched-linux-x86_64 | 0.1.0 | 2.30 | 44.04 | 46.34 | NOTE | |
r-patched-solaris-x86 | 0.1.0 | 81.10 | NOTE | |||
r-release-linux-x86_64 | 0.1.0 | 2.07 | 44.08 | 46.15 | NOTE | |
r-release-macos-arm64 | 0.1.0 | NOTE | ||||
r-release-macos-x86_64 | 0.1.0 | NOTE | ||||
r-release-windows-ix86+x86_64 | 0.1.0 | 4.00 | 65.00 | 69.00 | NOTE | |
r-oldrel-macos-x86_64 | 0.1.0 | OK | ||||
r-oldrel-windows-ix86+x86_64 | 0.1.0 | 5.00 | 70.00 | 75.00 | OK |
Version: 0.1.0
Check: LazyData
Result: NOTE
'LazyData' is specified without a 'data' directory
Flavors: r-devel-linux-x86_64-debian-clang, r-devel-linux-x86_64-debian-gcc, r-devel-linux-x86_64-fedora-clang, r-devel-linux-x86_64-fedora-gcc, r-devel-windows-x86_64, r-devel-windows-x86_64-gcc10-UCRT, r-patched-linux-x86_64, r-patched-solaris-x86, r-release-linux-x86_64, r-release-macos-arm64, r-release-macos-x86_64, r-release-windows-ix86+x86_64