Last updated on 2021-07-01 01:49:10 CEST.
Flavor | Version | Tinstall | Tcheck | Ttotal | Status | Flags |
---|---|---|---|---|---|---|
r-devel-linux-x86_64-debian-clang | 1.0.3.1 | 13.72 | 30.72 | 44.44 | OK | |
r-devel-linux-x86_64-debian-gcc | 1.0.3.1 | 7.02 | 24.27 | 31.29 | OK | |
r-devel-linux-x86_64-fedora-clang | 1.0.3.1 | 60.10 | NOTE | |||
r-devel-linux-x86_64-fedora-gcc | 1.0.3.1 | 48.12 | OK | |||
r-devel-windows-x86_64 | 1.0.3.1 | 16.00 | 56.00 | 72.00 | NOTE | |
r-devel-windows-x86_64-gcc10-UCRT | 1.0.3.1 | OK | ||||
r-patched-linux-x86_64 | 1.0.3.1 | 10.45 | 29.46 | 39.91 | OK | |
r-patched-solaris-x86 | 1.0.3.1 | 80.50 | NOTE | |||
r-release-linux-x86_64 | 1.0.3.1 | 10.56 | 29.61 | 40.17 | OK | |
r-release-macos-arm64 | 1.0.3.1 | NOTE | ||||
r-release-macos-x86_64 | 1.0.3.1 | NOTE | ||||
r-release-windows-ix86+x86_64 | 1.0.3.1 | 24.00 | 65.00 | 89.00 | NOTE | |
r-oldrel-macos-x86_64 | 1.0.3.1 | NOTE | ||||
r-oldrel-windows-ix86+x86_64 | 1.0.3.1 | 30.00 | 56.00 | 86.00 | NOTE |
Version: 1.0.3.1
Check: installed package size
Result: NOTE
installed size is 16.6Mb
sub-directories of 1Mb or more:
include 16.3Mb
Flavors: r-devel-linux-x86_64-fedora-clang, r-devel-windows-x86_64, r-patched-solaris-x86, r-release-macos-arm64, r-release-macos-x86_64, r-release-windows-ix86+x86_64, r-oldrel-macos-x86_64, r-oldrel-windows-ix86+x86_64