Last updated on 2021-07-01 01:49:10 CEST.
Flavor | Version | Tinstall | Tcheck | Ttotal | Status | Flags |
---|---|---|---|---|---|---|
r-devel-linux-x86_64-debian-clang | 1.8.2 | 2.42 | 82.56 | 84.98 | NOTE | |
r-devel-linux-x86_64-debian-gcc | 1.8.2 | 1.97 | 64.89 | 66.86 | NOTE | |
r-devel-linux-x86_64-fedora-clang | 1.8.2 | 108.92 | NOTE | |||
r-devel-linux-x86_64-fedora-gcc | 1.8.2 | 96.97 | NOTE | |||
r-devel-windows-x86_64 | 1.8.2 | 5.00 | 91.00 | 96.00 | OK | |
r-devel-windows-x86_64-gcc10-UCRT | 1.8.2 | NOTE | ||||
r-patched-linux-x86_64 | 1.8.2 | 4.19 | 80.19 | 84.38 | NOTE | |
r-patched-solaris-x86 | 1.8.2 | 161.70 | NOTE | |||
r-release-linux-x86_64 | 1.8.2 | 2.13 | 80.24 | 82.37 | NOTE | |
r-release-macos-arm64 | 1.8.2 | NOTE | ||||
r-release-macos-x86_64 | 1.8.2 | NOTE | ||||
r-release-windows-ix86+x86_64 | 1.8.2 | 4.00 | 83.00 | 87.00 | OK | |
r-oldrel-macos-x86_64 | 1.8.2 | NOTE | ||||
r-oldrel-windows-ix86+x86_64 | 1.8.2 | 6.00 | 91.00 | 97.00 | OK |
Version: 1.8.2
Check: package dependencies
Result: NOTE
Package suggested but not available for checking: 'doRedis'
Flavors: r-devel-linux-x86_64-debian-clang, r-devel-linux-x86_64-debian-gcc, r-devel-linux-x86_64-fedora-gcc, r-devel-windows-x86_64-gcc10-UCRT, r-patched-linux-x86_64, r-patched-solaris-x86, r-release-linux-x86_64
Version: 1.8.2
Check: package dependencies
Result: NOTE
Package suggested but not available for checking: ‘doRedis’
Suggests orphaned package: ‘bibtex’
Flavor: r-devel-linux-x86_64-fedora-clang
Version: 1.8.2
Check: package dependencies
Result: NOTE
Packages suggested but not available for checking: 'doMPI', 'doRedis'
Flavors: r-release-macos-arm64, r-release-macos-x86_64
Version: 1.8.2
Check: Rd cross-references
Result: NOTE
Package unavailable to check Rd xrefs: ‘doMPI’
Flavors: r-release-macos-arm64, r-release-macos-x86_64, r-oldrel-macos-x86_64
Version: 1.8.2
Check: package dependencies
Result: NOTE
Package suggested but not available for checking: ‘doMPI’
Flavor: r-oldrel-macos-x86_64