CRAN Package Check Results for Package dodgr

Last updated on 2021-07-01 01:49:10 CEST.

Flavor Version Tinstall Tcheck Ttotal Status Flags
r-devel-linux-x86_64-debian-clang 0.2.8 161.44 278.49 439.93 NOTE
r-devel-linux-x86_64-debian-gcc 0.2.8 113.94 209.40 323.34 NOTE
r-devel-linux-x86_64-fedora-clang 0.2.8 583.69 NOTE
r-devel-linux-x86_64-fedora-gcc 0.2.8 547.76 NOTE
r-devel-windows-x86_64 0.2.8 153.00 276.00 429.00 NOTE
r-devel-windows-x86_64-gcc10-UCRT 0.2.8 NOTE
r-patched-linux-x86_64 0.2.8 135.42 264.22 399.64 NOTE
r-patched-solaris-x86 0.2.8 667.70 NOTE
r-release-linux-x86_64 0.2.8 136.58 268.90 405.48 NOTE
r-release-macos-arm64 0.2.8 ERROR
r-release-macos-x86_64 0.2.8 NOTE
r-release-windows-ix86+x86_64 0.2.8 326.00 428.00 754.00 NOTE
r-oldrel-macos-x86_64 0.2.8 NOTE
r-oldrel-windows-ix86+x86_64 0.2.8 364.00 373.00 737.00 NOTE

Check Details

Version: 0.2.8
Check: for GNU extensions in Makefiles
Result: NOTE
    GNU make is a SystemRequirements.
Flavors: r-devel-linux-x86_64-debian-clang, r-devel-linux-x86_64-debian-gcc, r-devel-linux-x86_64-fedora-clang, r-devel-linux-x86_64-fedora-gcc, r-devel-windows-x86_64, r-devel-windows-x86_64-gcc10-UCRT, r-patched-linux-x86_64, r-patched-solaris-x86, r-release-linux-x86_64, r-release-macos-arm64, r-release-macos-x86_64, r-release-windows-ix86+x86_64, r-oldrel-macos-x86_64, r-oldrel-windows-ix86+x86_64

Version: 0.2.8
Check: installed package size
Result: NOTE
     installed size is 15.2Mb
     sub-directories of 1Mb or more:
     doc 4.6Mb
     libs 10.1Mb
Flavors: r-devel-linux-x86_64-fedora-clang, r-devel-windows-x86_64, r-patched-solaris-x86, r-release-macos-arm64, r-release-macos-x86_64, r-release-windows-ix86+x86_64, r-oldrel-macos-x86_64, r-oldrel-windows-ix86+x86_64

Version: 0.2.8
Check: package dependencies
Result: NOTE
    Package suggested but not available for checking: ‘sf’
Flavor: r-release-macos-arm64

Version: 0.2.8
Check: examples
Result: ERROR
    Running examples in ‘dodgr-Ex.R’ failed
    The error most likely occurred in:
    
    > ### Name: dodgr_centrality
    > ### Title: dodgr_centrality
    > ### Aliases: dodgr_centrality
    >
    > ### ** Examples
    >
    > graph_full <- weight_streetnet (hampi)
    > graph <- dodgr_contract_graph (graph_full)
    > graph <- dodgr_centrality (graph)
    > # 'graph' is then the contracted graph with an additional 'centrality' column
    > # Same calculation via 'igraph':
    > igr <- dodgr_to_igraph (graph)
    Loading required namespace: igraph
    > library (igraph)
    
    Attaching package: ‘igraph’
    
    The following objects are masked from ‘package:stats’:
    
     decompose, spectrum
    
    The following object is masked from ‘package:base’:
    
     union
    
    > cent <- edge_betweenness (igr)
    > identical (cent, graph$centrality) # TRUE
    [1] FALSE
    > # Values of centrality between all junctions in the contracted graph can then
    > # be mapped back onto the original full network by "uncontracting":
    > graph_full <- dodgr_uncontract_graph (graph)
    > # For visualisation, it is generally necessary to merge the directed edges to
    > # form an equivalent undirected graph. Conversion to 'sf' format via
    > # 'dodgr_to_sf()' is also useful for many visualisation routines.
    > graph_sf <- merge_directed_graph (graph_full) %>%
    + dodgr_to_sf ()
    Loading required namespace: sf
    Failed with error: ‘there is no package called ‘sf’’
    Error in loadNamespace(x) : there is no package called ‘sf’
    Calls: %>% ... loadNamespace -> withRestarts -> withOneRestart -> doWithOneRestart
    Execution halted
Flavor: r-release-macos-arm64

Version: 0.2.8
Check: tests
Result: ERROR
     Running ‘sc-conversion-fns.R’ [0s/0s]
     Running ‘testthat.R’ [41s/29s]
    Running the tests in ‘tests/testthat.R’ failed.
    Last 13 lines of output:
    
     ══ Failed tests ════════════════════════════════════════════════════════════════
     ── Error (test-graph-conversion.R:33:5): sf ────────────────────────────────────
     Error: there is no package called 'sf'
     Backtrace:
     █
     1. ├─dodgr::dodgr_to_sf(graph) test-graph-conversion.R:33:4
     2. └─base::loadNamespace(x)
     3. └─base::withRestarts(stop(cond), retry_loadNamespace = function() NULL)
     4. └─base:::withOneRestart(expr, restarts[[1L]])
     5. └─base:::doWithOneRestart(return(expr), restart)
    
     [ FAIL 1 | WARN 0 | SKIP 5 | PASS 223 ]
     Error: Test failures
     Execution halted
Flavor: r-release-macos-arm64