Last updated on 2021-07-01 01:49:10 CEST.
Flavor | Version | Tinstall | Tcheck | Ttotal | Status | Flags |
---|---|---|---|---|---|---|
r-devel-linux-x86_64-debian-clang | 0.1.0 | 4.65 | 38.58 | 43.23 | NOTE | |
r-devel-linux-x86_64-debian-gcc | 0.1.0 | 3.43 | 29.58 | 33.01 | NOTE | |
r-devel-linux-x86_64-fedora-clang | 0.1.0 | 60.38 | NOTE | |||
r-devel-linux-x86_64-fedora-gcc | 0.1.0 | 49.38 | NOTE | |||
r-devel-windows-x86_64 | 0.1.0 | 27.00 | 62.00 | 89.00 | NOTE | |
r-devel-windows-x86_64-gcc10-UCRT | 0.1.0 | NOTE | ||||
r-patched-linux-x86_64 | 0.1.0 | 4.08 | 36.84 | 40.92 | NOTE | |
r-patched-solaris-x86 | 0.1.0 | 78.10 | NOTE | |||
r-release-linux-x86_64 | 0.1.0 | 3.86 | 36.93 | 40.79 | NOTE | |
r-release-macos-arm64 | 0.1.0 | NOTE | ||||
r-release-macos-x86_64 | 0.1.0 | NOTE | ||||
r-release-windows-ix86+x86_64 | 0.1.0 | 15.00 | 60.00 | 75.00 | NOTE | |
r-oldrel-macos-x86_64 | 0.1.0 | NOTE | ||||
r-oldrel-windows-ix86+x86_64 | 0.1.0 | 15.00 | 52.00 | 67.00 | OK |
Version: 0.1.0
Check: LazyData
Result: NOTE
'LazyData' is specified without a 'data' directory
Flavors: r-devel-linux-x86_64-debian-clang, r-devel-linux-x86_64-debian-gcc, r-devel-linux-x86_64-fedora-clang, r-devel-linux-x86_64-fedora-gcc, r-devel-windows-x86_64, r-devel-windows-x86_64-gcc10-UCRT, r-patched-linux-x86_64, r-patched-solaris-x86, r-release-linux-x86_64, r-release-macos-arm64, r-release-macos-x86_64, r-release-windows-ix86+x86_64
Version: 0.1.0
Check: dependencies in R code
Result: NOTE
Namespaces in Imports field not imported from:
‘arm’ ‘car’ ‘dotwhisker’ ‘gapminder’ ‘ggeffects’ ‘ggthemes’ ‘gt’
‘interplot’ ‘kableExtra’ ‘knitr’ ‘likert’ ‘modelsummary’ ‘moments’
‘nnet’ ‘ordinal’ ‘performance’ ‘scales’ ‘summarytools’ ‘tibble’
‘tidyverse’
All declared Imports should be used.
Flavors: r-devel-linux-x86_64-fedora-clang, r-devel-linux-x86_64-fedora-gcc, r-devel-windows-x86_64-gcc10-UCRT, r-patched-solaris-x86, r-release-macos-arm64, r-release-macos-x86_64, r-oldrel-macos-x86_64