CRAN Package Check Results for Package drifter

Last updated on 2021-07-01 01:49:10 CEST.

Flavor Version Tinstall Tcheck Ttotal Status Flags
r-devel-linux-x86_64-debian-clang 0.2.1 5.97 95.73 101.70 NOTE
r-devel-linux-x86_64-debian-gcc 0.2.1 3.91 74.45 78.36 NOTE
r-devel-linux-x86_64-fedora-clang 0.2.1 126.53 NOTE
r-devel-linux-x86_64-fedora-gcc 0.2.1 115.03 NOTE
r-devel-windows-x86_64 0.2.1 8.00 85.00 93.00 NOTE
r-devel-windows-x86_64-gcc10-UCRT 0.2.1 NOTE
r-patched-linux-x86_64 0.2.1 5.14 90.44 95.58 NOTE
r-patched-solaris-x86 0.2.1 252.70 NOTE
r-release-linux-x86_64 0.2.1 3.75 90.05 93.80 NOTE
r-release-macos-arm64 0.2.1 NOTE
r-release-macos-x86_64 0.2.1 NOTE
r-release-windows-ix86+x86_64 0.2.1 14.00 83.00 97.00 NOTE
r-oldrel-macos-x86_64 0.2.1 OK
r-oldrel-windows-ix86+x86_64 0.2.1 15.00 73.00 88.00 OK

Check Details

Version: 0.2.1
Check: LazyData
Result: NOTE
     'LazyData' is specified without a 'data' directory
Flavors: r-devel-linux-x86_64-debian-clang, r-devel-linux-x86_64-debian-gcc, r-devel-linux-x86_64-fedora-clang, r-devel-linux-x86_64-fedora-gcc, r-devel-windows-x86_64, r-devel-windows-x86_64-gcc10-UCRT, r-patched-linux-x86_64, r-patched-solaris-x86, r-release-linux-x86_64, r-release-macos-arm64, r-release-macos-x86_64, r-release-windows-ix86+x86_64