Last updated on 2021-07-01 01:49:10 CEST.
Flavor | Version | Tinstall | Tcheck | Ttotal | Status | Flags |
---|---|---|---|---|---|---|
r-devel-linux-x86_64-debian-clang | 1.0.2 | 21.81 | 236.98 | 258.79 | OK | |
r-devel-linux-x86_64-debian-gcc | 1.0.2 | 16.87 | 167.82 | 184.69 | OK | |
r-devel-linux-x86_64-fedora-clang | 1.0.2 | 328.08 | OK | |||
r-devel-linux-x86_64-fedora-gcc | 1.0.2 | 292.01 | OK | |||
r-devel-windows-x86_64 | 1.0.2 | 34.00 | 298.00 | 332.00 | OK | |
r-devel-windows-x86_64-gcc10-UCRT | 1.0.2 | OK | ||||
r-patched-linux-x86_64 | 1.0.2 | 20.16 | 211.00 | 231.16 | OK | |
r-patched-solaris-x86 | 1.0.2 | 409.50 | OK | |||
r-release-linux-x86_64 | 1.0.2 | 21.24 | 217.94 | 239.18 | OK | |
r-release-macos-arm64 | 1.0.2 | NOTE | ||||
r-release-macos-x86_64 | 1.0.2 | OK | ||||
r-release-windows-ix86+x86_64 | 1.0.1 | 45.00 | 296.00 | 341.00 | OK | |
r-oldrel-macos-x86_64 | 1.0.2 | OK | ||||
r-oldrel-windows-ix86+x86_64 | 1.0.2 | 35.00 | 203.00 | 238.00 | OK |
Version: 1.0.2
Check: package dependencies
Result: NOTE
Packages suggested but not available for checking:
'SingleCellExperiment', 'SummarizedExperiment'
Flavor: r-release-macos-arm64