Last updated on 2021-07-01 01:49:11 CEST.
Flavor | Version | Tinstall | Tcheck | Ttotal | Status | Flags |
---|---|---|---|---|---|---|
r-devel-linux-x86_64-debian-clang | 0.1.1.2 | 25.39 | 215.55 | 240.94 | OK | |
r-devel-linux-x86_64-debian-gcc | 0.1.1.2 | 21.51 | 156.39 | 177.90 | OK | |
r-devel-linux-x86_64-fedora-clang | 0.1.1.2 | 287.15 | NOTE | |||
r-devel-linux-x86_64-fedora-gcc | 0.1.1.2 | 279.09 | NOTE | |||
r-devel-windows-x86_64 | 0.1.1.2 | 50.00 | 241.00 | 291.00 | OK | |
r-devel-windows-x86_64-gcc10-UCRT | 0.1.1.2 | NOTE | ||||
r-patched-linux-x86_64 | 0.1.1.2 | 23.85 | 198.71 | 222.56 | OK | |
r-patched-solaris-x86 | 0.1.1.2 | 392.70 | NOTE | |||
r-release-linux-x86_64 | 0.1.1.2 | 22.78 | 199.64 | 222.42 | OK | |
r-release-macos-arm64 | 0.1.1.2 | NOTE | ||||
r-release-macos-x86_64 | 0.1.1.2 | NOTE | ||||
r-release-windows-ix86+x86_64 | 0.1.1.2 | 54.00 | 233.00 | 287.00 | OK | |
r-oldrel-macos-x86_64 | 0.1.1.2 | NOTE | ||||
r-oldrel-windows-ix86+x86_64 | 0.1.1.2 | 54.00 | 232.00 | 286.00 | OK |
Version: 0.1.1.2
Check: data for non-ASCII characters
Result: NOTE
Note: found 1409 marked UTF-8 strings
Flavors: r-devel-linux-x86_64-fedora-clang, r-devel-linux-x86_64-fedora-gcc, r-devel-windows-x86_64-gcc10-UCRT, r-patched-solaris-x86, r-release-macos-arm64, r-release-macos-x86_64, r-oldrel-macos-x86_64