Last updated on 2021-07-01 01:49:11 CEST.
Flavor | Version | Tinstall | Tcheck | Ttotal | Status | Flags |
---|---|---|---|---|---|---|
r-devel-linux-x86_64-debian-clang | 0.4.0 | 16.41 | 128.30 | 144.71 | NOTE | |
r-devel-linux-x86_64-debian-gcc | 0.4.0 | 11.71 | 92.34 | 104.05 | NOTE | |
r-devel-linux-x86_64-fedora-clang | 0.4.0 | 171.57 | NOTE | |||
r-devel-linux-x86_64-fedora-gcc | 0.4.0 | 161.17 | NOTE | |||
r-devel-windows-x86_64 | 0.4.0 | 19.00 | 165.00 | 184.00 | NOTE | |
r-devel-windows-x86_64-gcc10-UCRT | 0.4.0 | NOTE | ||||
r-patched-linux-x86_64 | 0.4.0 | 21.10 | 118.66 | 139.76 | NOTE | |
r-patched-solaris-x86 | 0.4.0 | 201.70 | NOTE | |||
r-release-linux-x86_64 | 0.4.0 | 14.34 | 119.09 | 133.43 | NOTE | |
r-release-macos-arm64 | 0.4.0 | NOTE | ||||
r-release-macos-x86_64 | 0.4.0 | NOTE | ||||
r-release-windows-ix86+x86_64 | 0.4.0 | 43.00 | 166.00 | 209.00 | NOTE | |
r-oldrel-macos-x86_64 | 0.4.0 | OK | ||||
r-oldrel-windows-ix86+x86_64 | 0.4.0 | 28.00 | 160.00 | 188.00 | OK |
Version: 0.4.0
Check: LazyData
Result: NOTE
'LazyData' is specified without a 'data' directory
Flavors: r-devel-linux-x86_64-debian-clang, r-devel-linux-x86_64-debian-gcc, r-devel-linux-x86_64-fedora-clang, r-devel-linux-x86_64-fedora-gcc, r-devel-windows-x86_64, r-devel-windows-x86_64-gcc10-UCRT, r-patched-linux-x86_64, r-patched-solaris-x86, r-release-linux-x86_64, r-release-macos-arm64, r-release-macos-x86_64, r-release-windows-ix86+x86_64