CRAN Package Check Results for Package elsa

Last updated on 2021-07-01 01:49:11 CEST.

Flavor Version Tinstall Tcheck Ttotal Status Flags
r-devel-linux-x86_64-debian-clang 1.1-28 18.44 106.79 125.23 OK
r-devel-linux-x86_64-debian-gcc 1.1-28 14.38 80.80 95.18 OK
r-devel-linux-x86_64-fedora-clang 1.1-28 152.93 NOTE
r-devel-linux-x86_64-fedora-gcc 1.1-28 148.59 NOTE
r-devel-windows-x86_64 1.1-28 25.00 126.00 151.00 OK
r-devel-windows-x86_64-gcc10-UCRT 1.1-28 OK
r-patched-linux-x86_64 1.1-28 16.28 102.13 118.41 OK
r-patched-solaris-x86 1.1-28 201.10 OK
r-release-linux-x86_64 1.1-28 16.94 102.35 119.29 OK
r-release-macos-arm64 1.1-28 OK
r-release-macos-x86_64 1.1-28 OK
r-release-windows-ix86+x86_64 1.1-28 36.00 142.00 178.00 OK
r-oldrel-macos-x86_64 1.1-28 OK
r-oldrel-windows-ix86+x86_64 1.1-28 47.00 137.00 184.00 OK

Check Details

Version: 1.1-28
Check: compiled code
Result: NOTE
    File ‘elsa/libs/elsa.so’:
     Found no calls to: ‘R_registerRoutines’, ‘R_useDynamicSymbols’
    
    It is good practice to register native routines and to disable symbol
    search.
    
    See ‘Writing portable packages’ in the ‘Writing R Extensions’ manual.
Flavors: r-devel-linux-x86_64-fedora-clang, r-devel-linux-x86_64-fedora-gcc