Last updated on 2021-07-01 01:49:11 CEST.
Flavor | Version | Tinstall | Tcheck | Ttotal | Status | Flags |
---|---|---|---|---|---|---|
r-devel-linux-x86_64-debian-clang | 0.0.11 | 1108.54 | 46.74 | 1155.28 | OK | |
r-devel-linux-x86_64-debian-gcc | 0.0.11 | 701.78 | 36.22 | 738.00 | OK | |
r-devel-linux-x86_64-fedora-clang | 0.0.11 | 1718.91 | NOTE | |||
r-devel-linux-x86_64-fedora-gcc | 0.0.11 | 1482.03 | OK | |||
r-devel-windows-x86_64 | 0.0.11 | 1041.00 | 83.00 | 1124.00 | OK | |
r-devel-windows-x86_64-gcc10-UCRT | 0.0.11 | OK | ||||
r-patched-linux-x86_64 | 0.0.11 | 853.48 | 44.54 | 898.02 | OK | |
r-patched-solaris-x86 | 0.0.11 | 1380.80 | OK | |||
r-release-linux-x86_64 | 0.0.11 | 850.28 | 44.62 | 894.90 | OK | |
r-release-macos-arm64 | 0.0.11 | NOTE | ||||
r-release-macos-x86_64 | 0.0.11 | NOTE | ||||
r-release-windows-ix86+x86_64 | 0.0.11 | 1980.00 | 111.00 | 2091.00 | NOTE | |
r-oldrel-macos-x86_64 | 0.0.11 | NOTE | ||||
r-oldrel-windows-ix86+x86_64 | 0.0.11 | 2538.00 | 105.00 | 2643.00 | NOTE |
Version: 0.0.11
Check: installed package size
Result: NOTE
installed size is 18.8Mb
sub-directories of 1Mb or more:
data 2.0Mb
libs 16.6Mb
Flavors: r-devel-linux-x86_64-fedora-clang, r-release-macos-arm64, r-release-macos-x86_64, r-release-windows-ix86+x86_64, r-oldrel-macos-x86_64, r-oldrel-windows-ix86+x86_64
Version: 0.0.11
Check: Rd cross-references
Result: NOTE
Undeclared package ‘MCMCpack’ in Rd xrefs
Flavor: r-devel-linux-x86_64-fedora-clang