Last updated on 2021-07-01 01:49:11 CEST.
Flavor | Version | Tinstall | Tcheck | Ttotal | Status | Flags |
---|---|---|---|---|---|---|
r-devel-linux-x86_64-debian-clang | 2.0.3 | 29.88 | 247.55 | 277.43 | OK | |
r-devel-linux-x86_64-debian-gcc | 2.0.3 | 27.13 | 180.28 | 207.41 | OK | |
r-devel-linux-x86_64-fedora-clang | 2.0.3 | 333.58 | NOTE | |||
r-devel-linux-x86_64-fedora-gcc | 2.0.3 | 324.13 | NOTE | |||
r-devel-windows-x86_64 | 2.0.3 | 34.00 | 272.00 | 306.00 | OK | |
r-devel-windows-x86_64-gcc10-UCRT | 2.0.3 | NOTE | ||||
r-patched-linux-x86_64 | 2.0.3 | 32.31 | 230.98 | 263.29 | OK | |
r-patched-solaris-x86 | 2.0.3 | 441.50 | NOTE | |||
r-release-linux-x86_64 | 2.0.3 | 26.96 | 226.62 | 253.58 | OK | |
r-release-macos-arm64 | 2.0.3 | NOTE | ||||
r-release-macos-x86_64 | 2.0.3 | NOTE | ||||
r-release-windows-ix86+x86_64 | 2.0.3 | 61.00 | 245.00 | 306.00 | OK | |
r-oldrel-macos-x86_64 | 2.0.3 | NOTE | ||||
r-oldrel-windows-ix86+x86_64 | 2.0.3 | 62.00 | 213.00 | 275.00 | OK |
Version: 2.0.3
Check: data for non-ASCII characters
Result: NOTE
Note: found 50 marked Latin-1 strings
Flavors: r-devel-linux-x86_64-fedora-clang, r-devel-linux-x86_64-fedora-gcc, r-devel-windows-x86_64-gcc10-UCRT, r-patched-solaris-x86, r-release-macos-arm64, r-release-macos-x86_64, r-oldrel-macos-x86_64